Last updated on 2025-04-29 13:51:19 CEST.
Flavor | Version | Tinstall | Tcheck | Ttotal | Status | Flags |
---|---|---|---|---|---|---|
r-devel-linux-x86_64-debian-clang | 1.0 | 1.74 | 20.13 | 21.87 | NOTE | |
r-devel-linux-x86_64-debian-gcc | 1.0 | 1.47 | 17.24 | 18.71 | NOTE | |
r-devel-linux-x86_64-fedora-clang | 1.0 | 33.65 | OK | |||
r-devel-linux-x86_64-fedora-gcc | 1.0 | 34.46 | OK | |||
r-devel-windows-x86_64 | 1.0 | 3.00 | 47.00 | 50.00 | OK | |
r-patched-linux-x86_64 | 1.0 | 1.54 | 19.36 | 20.90 | OK | |
r-release-linux-x86_64 | 1.0 | 1.84 | 19.19 | 21.03 | OK | |
r-release-macos-arm64 | 1.0 | 14.00 | OK | |||
r-release-macos-x86_64 | 1.0 | 27.00 | OK | |||
r-release-windows-x86_64 | 1.0 | 3.00 | 47.00 | 50.00 | OK | |
r-oldrel-macos-arm64 | 1.0 | 19.00 | OK | |||
r-oldrel-macos-x86_64 | 1.0 | 24.00 | OK | |||
r-oldrel-windows-x86_64 | 1.0 | 2.00 | 45.00 | 47.00 | OK |
Version: 1.0
Check: CRAN incoming feasibility
Result: NOTE
Maintainer: ‘Sandipan Dutta <sandipan.dutta07@gmail.com>’
No Authors@R field in DESCRIPTION.
Please add one, modifying
Authors@R: c(person(given = "Sandipan",
family = "Dutta",
role = c("aut", "cre"),
email = "sandipan.dutta07@gmail.com"),
person(given = "Somnath",
family = "Datta",
role = "aut"))
as necessary.
Flavors: r-devel-linux-x86_64-debian-clang, r-devel-linux-x86_64-debian-gcc