Last updated on 2025-04-29 13:51:19 CEST.
Flavor | Version | Tinstall | Tcheck | Ttotal | Status | Flags |
---|---|---|---|---|---|---|
r-devel-linux-x86_64-debian-clang | 1.0.1 | 2.37 | 61.31 | 63.68 | NOTE | |
r-devel-linux-x86_64-debian-gcc | 1.0.1 | 1.74 | 43.17 | 44.91 | NOTE | |
r-devel-linux-x86_64-fedora-clang | 1.0.1 | 99.43 | OK | |||
r-devel-linux-x86_64-fedora-gcc | 1.0.1 | 116.67 | OK | |||
r-devel-windows-x86_64 | 1.0.1 | 3.00 | 149.00 | 152.00 | NOTE | |
r-patched-linux-x86_64 | 1.0.1 | 2.03 | 59.39 | 61.42 | NOTE | |
r-release-linux-x86_64 | 1.0.1 | 2.10 | 59.15 | 61.25 | NOTE | |
r-release-macos-arm64 | 1.0.1 | 45.00 | OK | |||
r-release-macos-x86_64 | 1.0.1 | 85.00 | OK | |||
r-release-windows-x86_64 | 1.0.1 | 4.00 | 152.00 | 156.00 | NOTE | |
r-oldrel-macos-arm64 | 1.0.1 | 38.00 | OK | |||
r-oldrel-macos-x86_64 | 1.0.1 | 61.00 | OK | |||
r-oldrel-windows-x86_64 | 1.0.1 | 4.00 | 159.00 | 163.00 | OK |
Version: 1.0.1
Check: Rd cross-references
Result: NOTE
Found the following Rd file(s) with Rd \link{} targets missing package
anchors:
dissmutmatrix.Rd: dissplot
Please provide package anchors for all Rd \link{} targets not in the
package itself and the base packages.
Flavors: r-devel-linux-x86_64-debian-clang, r-devel-linux-x86_64-debian-gcc, r-devel-windows-x86_64, r-patched-linux-x86_64, r-release-linux-x86_64, r-release-windows-x86_64
Version: 1.0.1
Check: examples
Result: NOTE
Examples with CPU (user + system) or elapsed time > 5s
user system elapsed
features 4.738 0.007 5.698
Flavor: r-devel-linux-x86_64-debian-clang