Last updated on 2025-04-29 13:51:19 CEST.
Flavor | Version | Tinstall | Tcheck | Ttotal | Status | Flags |
---|---|---|---|---|---|---|
r-devel-linux-x86_64-debian-clang | 0.4 | 2.99 | 25.46 | 28.45 | NOTE | |
r-devel-linux-x86_64-debian-gcc | 0.4 | 2.35 | 19.43 | 21.78 | NOTE | |
r-devel-linux-x86_64-fedora-clang | 0.4 | 45.61 | OK | |||
r-devel-linux-x86_64-fedora-gcc | 0.4 | 48.17 | OK | |||
r-devel-windows-x86_64 | 0.4 | 4.00 | 49.00 | 53.00 | OK | |
r-patched-linux-x86_64 | 0.4 | 3.13 | 24.84 | 27.97 | OK | |
r-release-linux-x86_64 | 0.4 | 3.16 | 24.62 | 27.78 | OK | |
r-release-macos-arm64 | 0.4 | 18.00 | OK | |||
r-release-macos-x86_64 | 0.4 | 32.00 | OK | |||
r-release-windows-x86_64 | 0.4 | 5.00 | 51.00 | 56.00 | OK | |
r-oldrel-macos-arm64 | 0.4 | 21.00 | OK | |||
r-oldrel-macos-x86_64 | 0.4 | 27.00 | OK | |||
r-oldrel-windows-x86_64 | 0.4 | 4.00 | 49.00 | 53.00 | OK |
Version: 0.4
Check: CRAN incoming feasibility
Result: NOTE
Maintainer: ‘Florian Ziel <florian.ziel@uni-due.de>’
No Authors@R field in DESCRIPTION.
Please add one, modifying
Authors@R: person(given = "Florian",
family = "Ziel",
role = c("aut", "cre"),
email = "florian.ziel@uni-due.de")
as necessary.
Flavors: r-devel-linux-x86_64-debian-clang, r-devel-linux-x86_64-debian-gcc