Last updated on 2025-11-16 06:49:33 CET.
| Flavor | Version | Tinstall | Tcheck | Ttotal | Status | Flags |
|---|---|---|---|---|---|---|
| r-devel-linux-x86_64-debian-clang | 1.0.1 | 3.64 | 104.66 | 108.30 | NOTE | |
| r-devel-linux-x86_64-debian-gcc | 1.0.1 | 2.68 | 82.05 | 84.73 | NOTE | |
| r-devel-linux-x86_64-fedora-clang | 1.0.1 | 43.00 | 135.97 | 178.97 | NOTE | |
| r-devel-linux-x86_64-fedora-gcc | 1.0.1 | 11.00 | 157.15 | 168.15 | NOTE | |
| r-devel-windows-x86_64 | 1.0.1 | 8.00 | 138.00 | 146.00 | NOTE | |
| r-patched-linux-x86_64 | 1.0.1 | 4.05 | 102.54 | 106.59 | NOTE | |
| r-release-linux-x86_64 | 1.0.1 | 3.40 | 107.00 | 110.40 | NOTE | |
| r-release-macos-arm64 | 1.0.1 | 2.00 | 73.00 | 75.00 | NOTE | |
| r-release-macos-x86_64 | 1.0.1 | 3.00 | 115.00 | 118.00 | NOTE | |
| r-release-windows-x86_64 | 1.0.1 | 6.00 | 133.00 | 139.00 | NOTE | |
| r-oldrel-macos-arm64 | 1.0.1 | 2.00 | 57.00 | 59.00 | NOTE | |
| r-oldrel-macos-x86_64 | 1.0.1 | 4.00 | 97.00 | 101.00 | NOTE | |
| r-oldrel-windows-x86_64 | 1.0.1 | 7.00 | 165.00 | 172.00 | NOTE |
Version: 1.0.1
Check: Rd files
Result: NOTE
checkRd: (-1) count_pairs.Rd:19-20: Lost braces in \itemize; \value handles \item{}{} directly
checkRd: (-1) count_pairs.Rd:21-22: Lost braces in \itemize; \value handles \item{}{} directly
checkRd: (-1) count_pairs.Rd:23-24: Lost braces in \itemize; \value handles \item{}{} directly
checkRd: (-1) count_pairs.Rd:25-26: Lost braces in \itemize; \value handles \item{}{} directly
checkRd: (-1) count_pairs.Rd:27-28: Lost braces in \itemize; \value handles \item{}{} directly
checkRd: (-1) entropy.Rd:18: Lost braces in \itemize; \value handles \item{}{} directly
checkRd: (-1) entropy.Rd:19: Lost braces in \itemize; \value handles \item{}{} directly
checkRd: (-1) entropy.Rd:20: Lost braces in \itemize; \value handles \item{}{} directly
checkRd: (-1) entropy.Rd:21: Lost braces in \itemize; \value handles \item{}{} directly
checkRd: (-1) score_log_nonparam.Rd:36: Lost braces; missing escapes or markup?
36 | {0, 1}.
| ^
checkRd: (-1) score_log_semiparam.Rd:40: Lost braces; missing escapes or markup?
40 | values in {0, 1}.
| ^
checkRd: (-1) sort_pairs.Rd:18: Lost braces in \itemize; \value handles \item{}{} directly
checkRd: (-1) sort_pairs.Rd:19: Lost braces in \itemize; \value handles \item{}{} directly
checkRd: (-1) sort_pairs.Rd:20: Lost braces in \itemize; \value handles \item{}{} directly
checkRd: (-1) sort_pairs.Rd:21: Lost braces in \itemize; \value handles \item{}{} directly
checkRd: (-1) sort_pairs.Rd:22: Lost braces in \itemize; \value handles \item{}{} directly
checkRd: (-1) sort_pairs.Rd:23: Lost braces in \itemize; \value handles \item{}{} directly
Flavors: r-devel-linux-x86_64-debian-clang, r-devel-linux-x86_64-debian-gcc, r-devel-linux-x86_64-fedora-clang, r-devel-linux-x86_64-fedora-gcc, r-devel-windows-x86_64, r-patched-linux-x86_64, r-release-linux-x86_64, r-release-macos-arm64, r-release-macos-x86_64, r-release-windows-x86_64, r-oldrel-macos-arm64, r-oldrel-macos-x86_64, r-oldrel-windows-x86_64