Last updated on 2025-04-29 13:51:19 CEST.
Flavor | Version | Tinstall | Tcheck | Ttotal | Status | Flags |
---|---|---|---|---|---|---|
r-devel-linux-x86_64-debian-clang | 0.3.0 | 1.69 | 18.63 | 20.32 | NOTE | |
r-devel-linux-x86_64-debian-gcc | 0.3.0 | 1.48 | 15.08 | 16.56 | NOTE | |
r-devel-linux-x86_64-fedora-clang | 0.3.0 | 31.24 | OK | |||
r-devel-linux-x86_64-fedora-gcc | 0.3.0 | 30.82 | OK | |||
r-devel-windows-x86_64 | 0.3.0 | 2.00 | 38.00 | 40.00 | OK | |
r-patched-linux-x86_64 | 0.3.0 | 1.97 | 17.80 | 19.77 | OK | |
r-release-linux-x86_64 | 0.3.0 | 1.78 | 17.80 | 19.58 | OK | |
r-release-macos-arm64 | 0.3.0 | 15.00 | OK | |||
r-release-macos-x86_64 | 0.3.0 | 23.00 | OK | |||
r-release-windows-x86_64 | 0.3.0 | 4.00 | 39.00 | 43.00 | OK | |
r-oldrel-macos-arm64 | 0.3.0 | 20.00 | OK | |||
r-oldrel-macos-x86_64 | 0.3.0 | 22.00 | OK | |||
r-oldrel-windows-x86_64 | 0.3.0 | 3.00 | 39.00 | 42.00 | OK |
Version: 0.3.0
Check: CRAN incoming feasibility
Result: NOTE
Maintainer: ‘Zengchao Hao <z.hao4univ@gmail.com>’
No Authors@R field in DESCRIPTION.
Please add one, modifying
Authors@R: person(given = "Zengchao",
family = "Hao",
role = c("aut", "cre"),
email = "z.hao4univ@gmail.com")
as necessary.
Flavors: r-devel-linux-x86_64-debian-clang, r-devel-linux-x86_64-debian-gcc