Last updated on 2024-06-27 16:49:02 CEST.
Flavor | Version | Tinstall | Tcheck | Ttotal | Status | Flags |
---|---|---|---|---|---|---|
r-devel-linux-x86_64-debian-clang | 0.4.6.1 | OK | ||||
r-devel-linux-x86_64-debian-gcc | 0.4.6.1 | 27.09 | 37.95 | 65.04 | OK | |
r-devel-linux-x86_64-fedora-clang | 0.4.6.1 | 106.54 | NOTE | |||
r-devel-linux-x86_64-fedora-gcc | 0.4.6.1 | 117.53 | NOTE | |||
r-devel-windows-x86_64 | 0.4.6.1 | 27.00 | 77.00 | 104.00 | OK | |
r-patched-linux-x86_64 | 0.4.6.1 | 29.54 | 50.07 | 79.61 | OK | |
r-release-linux-x86_64 | 0.4.6.1 | 30.30 | 48.62 | 78.92 | OK | |
r-release-macos-arm64 | 0.4.6.1 | 29.00 | NOTE | |||
r-release-macos-x86_64 | 0.4.6.1 | 47.00 | NOTE | |||
r-release-windows-x86_64 | 0.4.6.1 | 28.00 | 83.00 | 111.00 | OK | |
r-oldrel-macos-arm64 | 0.4.6.1 | 35.00 | NOTE | |||
r-oldrel-macos-x86_64 | 0.4.6.1 | 54.00 | NOTE | |||
r-oldrel-windows-x86_64 | 0.4.6.1 | 25.00 | 95.00 | 120.00 | OK |
Version: 0.4.6.1
Check: compiled code
Result: NOTE
File ‘ConConPiWiFun/libs/ConConPiWiFun.so’:
Found no calls to: ‘R_registerRoutines’, ‘R_useDynamicSymbols’
It is good practice to register native routines and to disable symbol
search.
See ‘Writing portable packages’ in the ‘Writing R Extensions’ manual.
Flavors: r-devel-linux-x86_64-fedora-clang, r-devel-linux-x86_64-fedora-gcc
Version: 0.4.6.1
Check: installed package size
Result: NOTE
installed size is 5.6Mb
sub-directories of 1Mb or more:
libs 5.4Mb
Flavors: r-release-macos-arm64, r-release-macos-x86_64, r-oldrel-macos-arm64, r-oldrel-macos-x86_64