Last updated on 2025-05-17 07:50:16 CEST.
Flavor | Version | Tinstall | Tcheck | Ttotal | Status | Flags |
---|---|---|---|---|---|---|
r-devel-linux-x86_64-debian-clang | 1.0.1 | 71.40 | 287.01 | 358.41 | NOTE | |
r-devel-linux-x86_64-debian-gcc | 1.0.1 | 46.35 | 201.54 | 247.89 | NOTE | |
r-devel-linux-x86_64-fedora-clang | 1.0.1 | 596.01 | OK | |||
r-devel-linux-x86_64-fedora-gcc | 1.0.1 | 603.47 | OK | |||
r-devel-windows-x86_64 | 1.0.1 | 62.00 | 274.00 | 336.00 | NOTE | |
r-patched-linux-x86_64 | 1.0.1 | 63.73 | 270.10 | 333.83 | NOTE | |
r-release-linux-x86_64 | 1.0.1 | 64.41 | 275.04 | 339.45 | NOTE | |
r-release-macos-arm64 | 1.0.1 | 175.00 | OK | |||
r-release-macos-x86_64 | 1.0.1 | 281.00 | OK | |||
r-release-windows-x86_64 | 1.0.1 | 65.00 | 277.00 | 342.00 | NOTE | |
r-oldrel-macos-arm64 | 1.0.1 | 146.00 | OK | |||
r-oldrel-macos-x86_64 | 1.0.1 | 214.00 | OK | |||
r-oldrel-windows-x86_64 | 1.0.1 | 89.00 | 363.00 | 452.00 | OK |
Version: 1.0.1
Check: CRAN incoming feasibility
Result: NOTE
Maintainer: ‘Miguel Ferreiro-Díaz <miguel.ferreiro.diaz@gmail.com>’
Package CITATION file contains call(s) to old-style personList() or
as.personList(). Please use c() on person objects instead.
Package CITATION file contains call(s) to old-style citEntry(). Please
use bibentry() instead.
Flavors: r-devel-linux-x86_64-debian-clang, r-devel-linux-x86_64-debian-gcc
Version: 1.0.1
Check: Rd cross-references
Result: NOTE
Found the following Rd file(s) with Rd \link{} targets missing package
anchors:
ConfMatrix.Rd: R6
D2MCS.Rd: getModelInfo
GainRatioHeuristic.Rd: gain.ratio
Please provide package anchors for all Rd \link{} targets not in the
package itself and the base packages.
Flavors: r-devel-linux-x86_64-debian-clang, r-devel-linux-x86_64-debian-gcc, r-devel-windows-x86_64, r-patched-linux-x86_64, r-release-linux-x86_64, r-release-windows-x86_64