Last updated on 2025-11-16 06:49:33 CET.
| Flavor | Version | Tinstall | Tcheck | Ttotal | Status | Flags |
|---|---|---|---|---|---|---|
| r-devel-linux-x86_64-debian-clang | 1.2.0 | 16.59 | 154.37 | 170.96 | OK | |
| r-devel-linux-x86_64-debian-gcc | 1.2.0 | 12.63 | 111.28 | 123.91 | OK | |
| r-devel-linux-x86_64-fedora-clang | 1.2.0 | 124.00 | 168.41 | 292.41 | OK | |
| r-devel-linux-x86_64-fedora-gcc | 1.2.0 | 41.00 | 231.96 | 272.96 | OK | |
| r-devel-windows-x86_64 | 1.2.0 | 21.00 | 145.00 | 166.00 | OK | |
| r-patched-linux-x86_64 | 1.2.0 | 16.75 | 147.71 | 164.46 | OK | |
| r-release-linux-x86_64 | 1.2.0 | 16.10 | 148.86 | 164.96 | OK | |
| r-release-macos-arm64 | 1.2.0 | 7.00 | 68.00 | 75.00 | OK | |
| r-release-macos-x86_64 | 1.2.0 | 16.00 | 147.00 | 163.00 | OK | |
| r-release-windows-x86_64 | 1.2.0 | 20.00 | 143.00 | 163.00 | OK | |
| r-oldrel-macos-arm64 | 1.2.0 | 7.00 | 66.00 | 73.00 | NOTE | |
| r-oldrel-macos-x86_64 | 1.2.0 | 10.00 | 96.00 | 106.00 | NOTE | |
| r-oldrel-windows-x86_64 | 1.2.0 | 26.00 | 189.00 | 215.00 | NOTE |
Version: 1.2.0
Check: installed package size
Result: NOTE
installed size is 5.1Mb
sub-directories of 1Mb or more:
doc 4.4Mb
Flavors: r-oldrel-macos-arm64, r-oldrel-macos-x86_64, r-oldrel-windows-x86_64