Last updated on 2025-04-29 13:51:20 CEST.
Flavor | Version | Tinstall | Tcheck | Ttotal | Status | Flags |
---|---|---|---|---|---|---|
r-devel-linux-x86_64-debian-clang | 0.2.0 | 1.87 | 30.64 | 32.51 | NOTE | |
r-devel-linux-x86_64-debian-gcc | 0.2.0 | 1.61 | 22.79 | 24.40 | NOTE | |
r-devel-linux-x86_64-fedora-clang | 0.2.0 | 51.61 | OK | |||
r-devel-linux-x86_64-fedora-gcc | 0.2.0 | 48.95 | OK | |||
r-devel-windows-x86_64 | 0.2.0 | 2.00 | 46.00 | 48.00 | OK | |
r-patched-linux-x86_64 | 0.2.0 | 1.93 | 28.50 | 30.43 | OK | |
r-release-linux-x86_64 | 0.2.0 | 1.78 | 28.44 | 30.22 | OK | |
r-release-macos-arm64 | 0.2.0 | 17.00 | OK | |||
r-release-macos-x86_64 | 0.2.0 | 46.00 | OK | |||
r-release-windows-x86_64 | 0.2.0 | 3.00 | 46.00 | 49.00 | OK | |
r-oldrel-macos-arm64 | 0.2.0 | 16.00 | OK | |||
r-oldrel-macos-x86_64 | 0.2.0 | 29.00 | OK | |||
r-oldrel-windows-x86_64 | 0.2.0 | 2.00 | 45.00 | 47.00 | OK |
Version: 0.2.0
Check: CRAN incoming feasibility
Result: NOTE
Maintainer: ‘Scott H. Koeneman <Scott.Koeneman@jefferson.edu>’
The Description field contains
more information, see Koeneman and Cavanaugh (2023) <arXiv:2309.10614>.
Please refer to arXiv e-prints via their arXiv DOI <doi:10.48550/arXiv.YYMM.NNNNN>.
Flavors: r-devel-linux-x86_64-debian-clang, r-devel-linux-x86_64-debian-gcc
Version: 0.2.0
Check: examples
Result: NOTE
Examples with CPU (user + system) or elapsed time > 5s
user system elapsed
BootGOFTestLM 11.061 0 13.707
Flavor: r-devel-linux-x86_64-debian-clang
Version: 0.2.0
Check: examples
Result: NOTE
Examples with CPU (user + system) or elapsed time > 5s
user system elapsed
BootGOFTestLM 6.809 0.11 7.639
Flavor: r-devel-linux-x86_64-debian-gcc