CRAN Package Check Results for Package DCEmgmt

Last updated on 2025-11-16 18:49:27 CET.

Flavor Version Tinstall Tcheck Ttotal Status Flags
r-devel-linux-x86_64-debian-clang 0.0.1 3.14 25.31 28.45 NOTE
r-devel-linux-x86_64-debian-gcc 0.0.1 2.84 20.72 23.56 NOTE
r-devel-linux-x86_64-fedora-clang 0.0.1 24.00 23.32 47.32 NOTE
r-devel-linux-x86_64-fedora-gcc 0.0.1 56.22 NOTE
r-devel-windows-x86_64 0.0.1 7.00 44.00 51.00 NOTE
r-patched-linux-x86_64 0.0.1 3.31 23.95 27.26 NOTE
r-release-linux-x86_64 0.0.1 2.88 23.99 26.87 NOTE
r-release-macos-arm64 0.0.1 2.00 35.00 37.00 NOTE
r-release-macos-x86_64 0.0.1 4.00 40.00 44.00 NOTE
r-release-windows-x86_64 0.0.1 5.00 44.00 49.00 NOTE
r-oldrel-macos-arm64 0.0.1 2.00 22.00 24.00 NOTE
r-oldrel-macos-x86_64 0.0.1 3.00 32.00 35.00 NOTE
r-oldrel-windows-x86_64 0.0.1 6.00 50.00 56.00 NOTE

Check Details

Version: 0.0.1
Check: Rd files
Result: NOTE checkRd: (-1) data.Rd:11: Lost braces 11 | \doi{10.1007/s40258-021-00647-3}{DOI} | ^ Flavors: r-devel-linux-x86_64-debian-clang, r-devel-linux-x86_64-debian-gcc, r-devel-linux-x86_64-fedora-clang, r-devel-linux-x86_64-fedora-gcc, r-devel-windows-x86_64, r-patched-linux-x86_64, r-release-linux-x86_64, r-release-macos-arm64, r-release-macos-x86_64, r-release-windows-x86_64, r-oldrel-macos-arm64, r-oldrel-macos-x86_64, r-oldrel-windows-x86_64