Last updated on 2025-04-29 13:51:21 CEST.
Flavor | Version | Tinstall | Tcheck | Ttotal | Status | Flags |
---|---|---|---|---|---|---|
r-devel-linux-x86_64-debian-clang | 0.1.0 | 2.85 | 27.56 | 30.41 | NOTE | |
r-devel-linux-x86_64-debian-gcc | 0.1.0 | 1.71 | 20.49 | 22.20 | NOTE | |
r-devel-linux-x86_64-fedora-clang | 0.1.0 | 46.08 | OK | |||
r-devel-linux-x86_64-fedora-gcc | 0.1.0 | 43.85 | OK | |||
r-devel-windows-x86_64 | 0.1.0 | 3.00 | 45.00 | 48.00 | OK | |
r-patched-linux-x86_64 | 0.1.0 | 2.53 | 24.99 | 27.52 | OK | |
r-release-linux-x86_64 | 0.1.0 | 2.55 | 25.41 | 27.96 | OK | |
r-release-macos-arm64 | 0.1.0 | 19.00 | OK | |||
r-release-macos-x86_64 | 0.1.0 | 37.00 | OK | |||
r-release-windows-x86_64 | 0.1.0 | 4.00 | 47.00 | 51.00 | OK | |
r-oldrel-macos-arm64 | 0.1.0 | 17.00 | OK | |||
r-oldrel-macos-x86_64 | 0.1.0 | 25.00 | OK | |||
r-oldrel-windows-x86_64 | 0.1.0 | 4.00 | 50.00 | 54.00 | OK |
Version: 0.1.0
Check: CRAN incoming feasibility
Result: NOTE
Maintainer: ‘Brendan Matthew Galdo <Brendan.m.galdo@gmail.com>’
The BugReports field in DESCRIPTION has
https://github.com/bmgaldo/DEBBI
which should likely be
https://github.com/bmgaldo/DEBBI/issues
instead.
Flavors: r-devel-linux-x86_64-debian-clang, r-devel-linux-x86_64-debian-gcc