Last updated on 2025-04-29 13:51:21 CEST.
Flavor | Version | Tinstall | Tcheck | Ttotal | Status | Flags |
---|---|---|---|---|---|---|
r-devel-linux-x86_64-debian-clang | 1.3 | 3.07 | 22.90 | 25.97 | NOTE | |
r-devel-linux-x86_64-debian-gcc | 1.3 | 2.35 | 17.62 | 19.97 | NOTE | |
r-devel-linux-x86_64-fedora-clang | 1.3 | 40.90 | OK | |||
r-devel-linux-x86_64-fedora-gcc | 1.3 | 38.32 | OK | |||
r-devel-windows-x86_64 | 1.3 | 5.00 | 45.00 | 50.00 | OK | |
r-patched-linux-x86_64 | 1.3 | 3.35 | 21.94 | 25.29 | OK | |
r-release-linux-x86_64 | 1.3 | 2.89 | 21.84 | 24.73 | OK | |
r-release-macos-arm64 | 1.3 | 17.00 | OK | |||
r-release-macos-x86_64 | 1.3 | 28.00 | OK | |||
r-release-windows-x86_64 | 1.3 | 4.00 | 45.00 | 49.00 | OK | |
r-oldrel-macos-arm64 | 1.3 | 16.00 | OK | |||
r-oldrel-macos-x86_64 | 1.3 | 26.00 | OK | |||
r-oldrel-windows-x86_64 | 1.3 | 5.00 | 45.00 | 50.00 | OK |
Version: 1.3
Check: CRAN incoming feasibility
Result: NOTE
Maintainer: ‘Christiana Kartsonaki <christiana.kartsonaki@gmail.com>’
No Authors@R field in DESCRIPTION.
Please add one, modifying
Authors@R: person(given = "Christiana",
family = "Kartsonaki",
role = c("aut", "cre"),
email = "christiana.kartsonaki@gmail.com")
as necessary.
Flavors: r-devel-linux-x86_64-debian-clang, r-devel-linux-x86_64-debian-gcc