CRAN Package Check Results for Package DELTD

Last updated on 2025-04-29 13:51:21 CEST.

Flavor Version Tinstall Tcheck Ttotal Status Flags
r-devel-linux-x86_64-debian-clang 2.6.8 1.71 27.96 29.67 NOTE
r-devel-linux-x86_64-debian-gcc 2.6.8 1.54 20.89 22.43 NOTE
r-devel-linux-x86_64-fedora-clang 2.6.8 45.34 OK
r-devel-linux-x86_64-fedora-gcc 2.6.8 43.75 OK
r-devel-windows-x86_64 2.6.8 3.00 48.00 51.00 OK
r-patched-linux-x86_64 2.6.8 2.49 25.51 28.00 OK
r-release-linux-x86_64 2.6.8 1.47 25.53 27.00 OK
r-release-macos-arm64 2.6.8 18.00 OK
r-release-macos-x86_64 2.6.8 31.00 OK
r-release-windows-x86_64 2.6.8 3.00 48.00 51.00 OK
r-oldrel-macos-arm64 2.6.8 23.00 OK
r-oldrel-macos-x86_64 2.6.8 26.00 OK
r-oldrel-windows-x86_64 2.6.8 4.00 47.00 51.00 OK

Check Details

Version: 2.6.8
Check: CRAN incoming feasibility
Result: NOTE Maintainer: ‘Javaria Ahmad Khan <jakhan0@yahoo.com>’ No Authors@R field in DESCRIPTION. Please add one, modifying Authors@R: c(person(given = c("Javaria", "Ahmad"), family = "Khan", role = c("aut", "cre"), email = "jakhan0@yahoo.com"), person(given = "Atif", family = "Akbar.", role = "aut")) as necessary. Flavors: r-devel-linux-x86_64-debian-clang, r-devel-linux-x86_64-debian-gcc