Last updated on 2025-04-29 13:51:21 CEST.
Flavor | Version | Tinstall | Tcheck | Ttotal | Status | Flags |
---|---|---|---|---|---|---|
r-devel-linux-x86_64-debian-clang | 1.0.0 | 3.54 | 31.27 | 34.81 | NOTE | |
r-devel-linux-x86_64-debian-gcc | 1.0.0 | 2.18 | 23.05 | 25.23 | NOTE | |
r-devel-linux-x86_64-fedora-clang | 1.0.0 | 54.52 | OK | |||
r-devel-linux-x86_64-fedora-gcc | 1.0.0 | 53.08 | OK | |||
r-devel-windows-x86_64 | 1.0.0 | 5.00 | 52.00 | 57.00 | OK | |
r-patched-linux-x86_64 | 1.0.0 | 3.32 | 30.35 | 33.67 | OK | |
r-release-linux-x86_64 | 1.0.0 | 2.50 | 30.06 | 32.56 | OK | |
r-release-macos-arm64 | 1.0.0 | 18.00 | OK | |||
r-release-macos-x86_64 | 1.0.0 | 35.00 | OK | |||
r-release-windows-x86_64 | 1.0.0 | 3.00 | 53.00 | 56.00 | OK | |
r-oldrel-macos-arm64 | 1.0.0 | 18.00 | OK | |||
r-oldrel-macos-x86_64 | 1.0.0 | 30.00 | OK | |||
r-oldrel-windows-x86_64 | 1.0.0 | 5.00 | 51.00 | 56.00 | OK |
Version: 1.0.0
Check: CRAN incoming feasibility
Result: NOTE
Maintainer: ‘Victor Barreto Mesquita <victormesquita40@hotmail.com>’
No Authors@R field in DESCRIPTION.
Please add one, modifying
Authors@R: c(person(given = c("Victor", "Barreto"),
family = "Mesquita",
role = c("ctb", "aut", "cre"),
email = "victormesquita40@hotmail.com"),
person(given = c("Florêncio", "Mendes", "Oliveira"),
family = "Filho",
role = c("ctb", "aut")),
person(given = c("Ian", "Meneghel"),
family = "Danilevicz.",
role = c("ctb", "aut")))
as necessary.
Flavors: r-devel-linux-x86_64-debian-clang, r-devel-linux-x86_64-debian-gcc
Version: 1.0.0
Check: examples
Result: NOTE
Examples with CPU (user + system) or elapsed time > 5s
user system elapsed
ABI 6.143 0.004 7.039
Flavor: r-devel-linux-x86_64-debian-clang