Last updated on 2025-11-16 12:49:28 CET.
| Flavor | Version | Tinstall | Tcheck | Ttotal | Status | Flags |
|---|---|---|---|---|---|---|
| r-devel-linux-x86_64-debian-clang | 1.0.2 | 3.28 | 72.05 | 75.33 | NOTE | |
| r-devel-linux-x86_64-debian-gcc | 1.0.2 | 2.25 | 48.09 | 50.34 | NOTE | |
| r-devel-linux-x86_64-fedora-clang | 1.0.2 | 122.53 | OK | |||
| r-devel-linux-x86_64-fedora-gcc | 1.0.2 | 132.30 | OK | |||
| r-devel-windows-x86_64 | 1.0.2 | 7.00 | 82.00 | 89.00 | OK | |
| r-patched-linux-x86_64 | 1.0.2 | 3.26 | 68.29 | 71.55 | OK | |
| r-release-linux-x86_64 | 1.0.2 | 3.21 | 68.62 | 71.83 | OK | |
| r-release-macos-arm64 | 1.0.2 | 1.00 | 40.00 | 41.00 | OK | |
| r-release-macos-x86_64 | 1.0.2 | 3.00 | 76.00 | 79.00 | OK | |
| r-release-windows-x86_64 | 1.0.2 | 4.00 | 84.00 | 88.00 | OK | |
| r-oldrel-macos-arm64 | 1.0.2 | 2.00 | 38.00 | 40.00 | OK | |
| r-oldrel-macos-x86_64 | 1.0.2 | 2.00 | 59.00 | 61.00 | OK | |
| r-oldrel-windows-x86_64 | 1.0.2 | 6.00 | 105.00 | 111.00 | OK |
Version: 1.0.2
Check: CRAN incoming feasibility
Result: NOTE
Maintainer: ‘Mark Hubbe <hubbe.1@osu.edu>’
Package CITATION file contains call(s) to old-style citEntry(). Please
use bibentry() instead.
Flavors: r-devel-linux-x86_64-debian-clang, r-devel-linux-x86_64-debian-gcc