Last updated on 2025-04-29 13:51:21 CEST.
Flavor | Version | Tinstall | Tcheck | Ttotal | Status | Flags |
---|---|---|---|---|---|---|
r-devel-linux-x86_64-debian-clang | 1.1.0 | 2.84 | 30.07 | 32.91 | NOTE | |
r-devel-linux-x86_64-debian-gcc | 1.1.0 | 2.32 | 22.09 | 24.41 | NOTE | |
r-devel-linux-x86_64-fedora-clang | 1.1.0 | 51.99 | OK | |||
r-devel-linux-x86_64-fedora-gcc | 1.1.0 | 49.65 | OK | |||
r-devel-windows-x86_64 | 1.1.0 | 4.00 | 50.00 | 54.00 | OK | |
r-patched-linux-x86_64 | 1.1.0 | 3.42 | 27.96 | 31.38 | OK | |
r-release-linux-x86_64 | 1.1.0 | 3.53 | 27.88 | 31.41 | OK | |
r-release-macos-arm64 | 1.1.0 | 21.00 | OK | |||
r-release-macos-x86_64 | 1.1.0 | 37.00 | OK | |||
r-release-windows-x86_64 | 1.1.0 | 4.00 | 50.00 | 54.00 | OK | |
r-oldrel-macos-arm64 | 1.1.0 | 18.00 | OK | |||
r-oldrel-macos-x86_64 | 1.1.0 | 29.00 | OK | |||
r-oldrel-windows-x86_64 | 1.1.0 | 4.00 | 49.00 | 53.00 | OK |
Version: 1.1.0
Check: CRAN incoming feasibility
Result: NOTE
Maintainer: ‘Maria Dolores Martinez-Miranda <mmiranda@ugr.es>’
No Authors@R field in DESCRIPTION.
Please add one, modifying
Authors@R: c(person(given = "M.L.",
family = "Gamiz",
role = "aut"),
person(given = "E.",
family = "Mammen",
role = "aut"),
person(given = "M.D.",
family = "Martinez-Miranda",
role = "aut"),
person(given = "J.P.",
family = "Nielsen",
role = "aut"),
person(given = c("Maria", "Dolores"),
family = "Martinez-Miranda",
role = "cre",
email = "mmiranda@ugr.es"))
as necessary.
Flavors: r-devel-linux-x86_64-debian-clang, r-devel-linux-x86_64-debian-gcc