Last updated on 2025-10-03 10:49:31 CEST.
Flavor | Version | Tinstall | Tcheck | Ttotal | Status | Flags |
---|---|---|---|---|---|---|
r-devel-linux-x86_64-debian-clang | 1.0.2 | 11.06 | 33.63 | 44.69 | NOTE | |
r-devel-linux-x86_64-debian-gcc | 1.0.2 | 8.53 | 24.68 | 33.21 | NOTE | |
r-devel-linux-x86_64-fedora-clang | 1.0.2 | 72.85 | NOTE | |||
r-devel-linux-x86_64-fedora-gcc | 1.0.2 | 71.56 | NOTE | |||
r-devel-windows-x86_64 | 1.0.2 | 16.00 | 65.00 | 81.00 | NOTE | |
r-patched-linux-x86_64 | 1.0.2 | 11.23 | 31.74 | 42.97 | NOTE | |
r-release-linux-x86_64 | 1.0.2 | 12.18 | 32.05 | 44.23 | NOTE | |
r-release-macos-arm64 | 1.0.2 | 24.00 | NOTE | |||
r-release-macos-x86_64 | 1.0.2 | 38.00 | NOTE | |||
r-release-windows-x86_64 | 1.0.2 | 17.00 | 66.00 | 83.00 | NOTE | |
r-oldrel-macos-arm64 | 1.0.2 | 25.00 | NOTE | |||
r-oldrel-macos-x86_64 | 1.0.2 | 39.00 | NOTE | |||
r-oldrel-windows-x86_64 | 1.0.2 | 20.00 | 78.00 | 98.00 | NOTE |
Version: 1.0.2
Check: Rd files
Result: NOTE
checkRd: (-1) DTDAcif.Rd:32: Lost braces in \itemize; \value handles \item{}{} directly
checkRd: (-1) DTDAcif.Rd:33: Lost braces in \itemize; \value handles \item{}{} directly
checkRd: (-1) DTDAcif.Rd:34: Lost braces in \itemize; \value handles \item{}{} directly
checkRd: (-1) DTDAcif.Rd:35: Lost braces in \itemize; \value handles \item{}{} directly
checkRd: (-1) DTDAcif.Rd:36: Lost braces in \itemize; \value handles \item{}{} directly
Flavors: r-devel-linux-x86_64-debian-clang, r-devel-linux-x86_64-debian-gcc, r-devel-linux-x86_64-fedora-clang, r-devel-linux-x86_64-fedora-gcc, r-devel-windows-x86_64, r-patched-linux-x86_64, r-release-linux-x86_64, r-release-macos-arm64, r-release-macos-x86_64, r-release-windows-x86_64, r-oldrel-macos-arm64, r-oldrel-macos-x86_64, r-oldrel-windows-x86_64
Version: 1.0.2
Check: LazyData
Result: NOTE
'LazyData' is specified without a 'data' directory
Flavors: r-oldrel-macos-arm64, r-oldrel-macos-x86_64, r-oldrel-windows-x86_64