Last updated on 2024-07-13 11:49:11 CEST.
Flavor | Version | Tinstall | Tcheck | Ttotal | Status | Flags |
---|---|---|---|---|---|---|
r-devel-linux-x86_64-debian-clang | 0.2 | 1.90 | 22.65 | 24.55 | OK | |
r-devel-linux-x86_64-debian-gcc | 0.2 | 1.55 | 18.23 | 19.78 | OK | |
r-devel-linux-x86_64-fedora-clang | 0.2 | 32.40 | NOTE | |||
r-devel-linux-x86_64-fedora-gcc | 0.2 | 30.22 | OK | |||
r-devel-windows-x86_64 | 0.2 | 2.00 | 43.00 | 45.00 | OK | |
r-patched-linux-x86_64 | 0.2 | 1.93 | 22.58 | 24.51 | OK | |
r-release-linux-x86_64 | 0.2 | 2.04 | 22.44 | 24.48 | OK | |
r-release-macos-arm64 | 0.2 | 14.00 | OK | |||
r-release-macos-x86_64 | 0.2 | 20.00 | OK | |||
r-release-windows-x86_64 | 0.2 | 3.00 | 42.00 | 45.00 | OK | |
r-oldrel-macos-arm64 | 0.2 | 18.00 | OK | |||
r-oldrel-macos-x86_64 | 0.2 | 22.00 | OK | |||
r-oldrel-windows-x86_64 | 0.2 | 4.00 | 43.00 | 47.00 | OK |
Version: 0.2
Check: Rd cross-references
Result: NOTE
Undeclared package ‘stringdist’ in Rd xrefs
Flavor: r-devel-linux-x86_64-fedora-clang