Last updated on 2024-06-27 16:49:03 CEST.
Flavor | Version | Tinstall | Tcheck | Ttotal | Status | Flags |
---|---|---|---|---|---|---|
r-devel-linux-x86_64-debian-clang | 0.2 | OK | ||||
r-devel-linux-x86_64-debian-gcc | 0.2 | 1.75 | 18.02 | 19.77 | OK | |
r-devel-linux-x86_64-fedora-clang | 0.2 | 32.40 | NOTE | |||
r-devel-linux-x86_64-fedora-gcc | 0.2 | 30.44 | OK | |||
r-devel-windows-x86_64 | 0.2 | 2.00 | 40.00 | 42.00 | OK | |
r-patched-linux-x86_64 | 0.2 | 1.82 | 21.93 | 23.75 | OK | |
r-release-linux-x86_64 | 0.2 | 1.53 | 22.41 | 23.94 | OK | |
r-release-macos-arm64 | 0.2 | 14.00 | OK | |||
r-release-macos-x86_64 | 0.2 | 20.00 | OK | |||
r-release-windows-x86_64 | 0.2 | 2.00 | 42.00 | 44.00 | OK | |
r-oldrel-macos-arm64 | 0.2 | 18.00 | OK | |||
r-oldrel-macos-x86_64 | 0.2 | 22.00 | OK | |||
r-oldrel-windows-x86_64 | 0.2 | 3.00 | 42.00 | 45.00 | OK |
Version: 0.2
Check: Rd cross-references
Result: NOTE
Undeclared package ‘stringdist’ in Rd xrefs
Flavor: r-devel-linux-x86_64-fedora-clang