Last updated on 2024-07-13 05:49:11 CEST.
Flavor | Version | Tinstall | Tcheck | Ttotal | Status | Flags |
---|---|---|---|---|---|---|
r-devel-linux-x86_64-debian-clang | 0.3.0 | 7.46 | 66.94 | 74.40 | NOTE | |
r-devel-linux-x86_64-debian-gcc | 0.3.0 | 6.16 | 49.81 | 55.97 | NOTE | |
r-devel-linux-x86_64-fedora-clang | 0.3.0 | 90.28 | NOTE | |||
r-devel-linux-x86_64-fedora-gcc | 0.3.0 | 84.30 | NOTE | |||
r-devel-windows-x86_64 | 0.3.0 | 8.00 | 65.00 | 73.00 | NOTE | |
r-patched-linux-x86_64 | 0.3.0 | 5.32 | 61.68 | 67.00 | NOTE | |
r-release-linux-x86_64 | 0.3.0 | 6.98 | 62.52 | 69.50 | NOTE | |
r-release-macos-arm64 | 0.3.0 | 28.00 | NOTE | |||
r-release-macos-x86_64 | 0.3.0 | 42.00 | NOTE | |||
r-release-windows-x86_64 | 0.3.0 | 7.00 | 65.00 | 72.00 | NOTE | |
r-oldrel-macos-arm64 | 0.3.0 | 33.00 | NOTE | |||
r-oldrel-macos-x86_64 | 0.3.0 | 49.00 | NOTE | |||
r-oldrel-windows-x86_64 | 0.3.0 | 9.00 | 76.00 | 85.00 | NOTE |
Version: 0.3.0
Check: LazyData
Result: NOTE
'LazyData' is specified without a 'data' directory
Flavors: r-devel-linux-x86_64-debian-clang, r-devel-linux-x86_64-debian-gcc, r-devel-linux-x86_64-fedora-clang, r-devel-linux-x86_64-fedora-gcc, r-devel-windows-x86_64, r-patched-linux-x86_64, r-release-linux-x86_64, r-release-macos-arm64, r-release-macos-x86_64, r-release-windows-x86_64, r-oldrel-macos-arm64, r-oldrel-macos-x86_64, r-oldrel-windows-x86_64