Last updated on 2025-11-16 06:49:33 CET.
| Flavor | Version | Tinstall | Tcheck | Ttotal | Status | Flags |
|---|---|---|---|---|---|---|
| r-devel-linux-x86_64-debian-clang | 2.0.0 | 100.91 | 123.01 | 223.92 | OK | |
| r-devel-linux-x86_64-debian-gcc | 2.0.0 | 63.97 | 89.88 | 153.85 | OK | |
| r-devel-linux-x86_64-fedora-clang | 2.0.0 | 144.00 | 272.87 | 416.87 | OK | |
| r-devel-linux-x86_64-fedora-gcc | 2.0.0 | 336.00 | 55.31 | 391.31 | OK | |
| r-devel-windows-x86_64 | 2.0.0 | 140.00 | 138.00 | 278.00 | OK | |
| r-patched-linux-x86_64 | 2.0.0 | 102.87 | 111.90 | 214.77 | OK | |
| r-release-linux-x86_64 | 2.0.0 | 104.58 | 116.99 | 221.57 | OK | |
| r-release-macos-arm64 | 2.0.0 | 39.00 | 69.00 | 108.00 | OK | |
| r-release-macos-x86_64 | 2.0.0 | 32.00 | 115.00 | 147.00 | OK | |
| r-release-windows-x86_64 | 2.0.0 | 125.00 | 135.00 | 260.00 | OK | |
| r-oldrel-macos-arm64 | 2.0.0 | 19.00 | 41.00 | 60.00 | NOTE | |
| r-oldrel-macos-x86_64 | 2.0.0 | 16.00 | 73.00 | 89.00 | NOTE | |
| r-oldrel-windows-x86_64 | 2.0.0 | 149.00 | 198.00 | 347.00 | NOTE |
Version: 2.0.0
Check: installed package size
Result: NOTE
installed size is 7.6Mb
sub-directories of 1Mb or more:
doc 2.7Mb
libs 4.6Mb
Flavors: r-oldrel-macos-arm64, r-oldrel-macos-x86_64
Version: 2.0.0
Check: for GNU extensions in Makefiles
Result: NOTE
GNU make is a SystemRequirements.
Flavors: r-oldrel-macos-arm64, r-oldrel-macos-x86_64, r-oldrel-windows-x86_64