Last updated on 2024-06-27 16:49:02 CEST.
Flavor | Version | Tinstall | Tcheck | Ttotal | Status | Flags |
---|---|---|---|---|---|---|
r-devel-linux-x86_64-debian-clang | 2.0.4 | OK | ||||
r-devel-linux-x86_64-debian-gcc | 2.0.4 | 17.15 | 27.75 | 44.90 | OK | |
r-devel-linux-x86_64-fedora-clang | 2.0.4 | 74.15 | NOTE | |||
r-devel-linux-x86_64-fedora-gcc | 2.0.4 | 70.34 | NOTE | |||
r-devel-windows-x86_64 | 2.0.4 | 17.00 | 51.00 | 68.00 | OK | |
r-patched-linux-x86_64 | 2.0.4 | 22.91 | 35.52 | 58.43 | OK | |
r-release-linux-x86_64 | 2.0.4 | 20.03 | 35.14 | 55.17 | OK | |
r-release-macos-arm64 | 2.0.4 | 32.00 | OK | |||
r-release-macos-x86_64 | 2.0.4 | 41.00 | OK | |||
r-release-windows-x86_64 | 2.0.4 | 17.00 | 53.00 | 70.00 | OK | |
r-oldrel-macos-arm64 | 2.0.4 | 32.00 | OK | |||
r-oldrel-macos-x86_64 | 2.0.4 | 53.00 | OK | |||
r-oldrel-windows-x86_64 | 2.0.4 | 20.00 | 55.00 | 75.00 | OK |
Version: 2.0.4
Check: dependencies in R code
Result: NOTE
Namespaces in Imports field not imported from:
‘jsonlite’ ‘methods’
All declared Imports should be used.
Flavors: r-devel-linux-x86_64-fedora-clang, r-devel-linux-x86_64-fedora-gcc