CRAN Package Check Results for Package DetR

Last updated on 2025-05-17 07:50:16 CEST.

Flavor Version Tinstall Tcheck Ttotal Status Flags
r-devel-linux-x86_64-debian-clang 0.0.5 47.93 32.68 80.61 NOTE
r-devel-linux-x86_64-debian-gcc 0.0.5 36.01 28.71 64.72 NOTE
r-devel-linux-x86_64-fedora-clang 0.0.5 136.05 NOTE
r-devel-linux-x86_64-fedora-gcc 0.0.5 148.09 NOTE
r-devel-windows-x86_64 0.0.5 49.00 62.00 111.00 NOTE
r-patched-linux-x86_64 0.0.5 48.95 35.72 84.67 NOTE
r-release-linux-x86_64 0.0.5 44.66 35.32 79.98 NOTE
r-release-macos-arm64 0.0.5 44.00 NOTE
r-release-macos-x86_64 0.0.5 105.00 NOTE
r-release-windows-x86_64 0.0.5 50.00 60.00 110.00 NOTE
r-oldrel-macos-arm64 0.0.5 38.00 NOTE
r-oldrel-macos-x86_64 0.0.5 57.00 NOTE
r-oldrel-windows-x86_64 0.0.5 57.00 68.00 125.00 NOTE

Check Details

Version: 0.0.5
Check: C++ specification
Result: NOTE Specified C++11: please drop specification unless essential Flavors: r-devel-linux-x86_64-debian-clang, r-devel-linux-x86_64-debian-gcc, r-devel-linux-x86_64-fedora-clang, r-devel-linux-x86_64-fedora-gcc, r-devel-windows-x86_64, r-patched-linux-x86_64, r-release-linux-x86_64, r-release-macos-arm64, r-release-macos-x86_64, r-release-windows-x86_64, r-oldrel-macos-arm64, r-oldrel-macos-x86_64, r-oldrel-windows-x86_64

Version: 0.0.5
Check: Rd cross-references
Result: NOTE Found the following Rd file(s) with Rd \link{} targets missing package anchors: DetLTS.Rd: h.alpha.n OGKCStep.Rd: h.alpha.n Please provide package anchors for all Rd \link{} targets not in the package itself and the base packages. Flavors: r-devel-linux-x86_64-debian-clang, r-devel-linux-x86_64-debian-gcc, r-devel-windows-x86_64, r-patched-linux-x86_64, r-release-linux-x86_64, r-release-windows-x86_64

Version: 0.0.5
Check: installed package size
Result: NOTE installed size is 19.5Mb sub-directories of 1Mb or more: libs 18.7Mb Flavors: r-oldrel-macos-arm64, r-oldrel-macos-x86_64