Last updated on 2025-04-29 13:51:21 CEST.
Flavor | Version | Tinstall | Tcheck | Ttotal | Status | Flags |
---|---|---|---|---|---|---|
r-devel-linux-x86_64-debian-clang | 1.0.0 | 1.90 | 26.70 | 28.60 | NOTE | |
r-devel-linux-x86_64-debian-gcc | 1.0.0 | 1.58 | 19.84 | 21.42 | NOTE | |
r-devel-linux-x86_64-fedora-clang | 1.0.0 | 46.39 | OK | |||
r-devel-linux-x86_64-fedora-gcc | 1.0.0 | 41.58 | OK | |||
r-devel-windows-x86_64 | 1.0.0 | 4.00 | 46.00 | 50.00 | OK | |
r-patched-linux-x86_64 | 1.0.0 | 1.94 | 25.67 | 27.61 | OK | |
r-release-linux-x86_64 | 1.0.0 | 2.06 | 25.40 | 27.46 | OK | |
r-release-macos-arm64 | 1.0.0 | 18.00 | OK | |||
r-release-macos-x86_64 | 1.0.0 | 30.00 | OK | |||
r-release-windows-x86_64 | 1.0.0 | 3.00 | 46.00 | 49.00 | OK | |
r-oldrel-macos-arm64 | 1.0.0 | 18.00 | OK | |||
r-oldrel-macos-x86_64 | 1.0.0 | 25.00 | OK | |||
r-oldrel-windows-x86_64 | 1.0.0 | 3.00 | 50.00 | 53.00 | OK |
Version: 1.0.0
Check: CRAN incoming feasibility
Result: NOTE
Maintainer: ‘Tao Wang <tao.wang@utsouthwestern.edu>’
No Authors@R field in DESCRIPTION.
Please add one, modifying
Authors@R: person(given = "Tao",
family = "Wang",
role = c("aut", "cre"),
email = "tao.wang@utsouthwestern.edu")
as necessary.
Flavors: r-devel-linux-x86_64-debian-clang, r-devel-linux-x86_64-debian-gcc
Version: 1.0.0
Check: examples
Result: NOTE
Examples with CPU (user + system) or elapsed time > 5s
user system elapsed
DisHet 3.452 0.106 5.088
Flavor: r-devel-linux-x86_64-debian-clang