Last updated on 2025-04-29 13:51:21 CEST.
Flavor | Version | Tinstall | Tcheck | Ttotal | Status | Flags |
---|---|---|---|---|---|---|
r-devel-linux-x86_64-debian-clang | 0.2 | 2.43 | 18.75 | 21.18 | NOTE | |
r-devel-linux-x86_64-debian-gcc | 0.2 | 2.14 | 15.35 | 17.49 | NOTE | |
r-devel-linux-x86_64-fedora-clang | 0.2 | 35.16 | OK | |||
r-devel-linux-x86_64-fedora-gcc | 0.2 | 32.67 | OK | |||
r-devel-windows-x86_64 | 0.2 | 6.00 | 40.00 | 46.00 | OK | |
r-patched-linux-x86_64 | 0.2 | 2.23 | 18.04 | 20.27 | OK | |
r-release-linux-x86_64 | 0.2 | 2.49 | 17.97 | 20.46 | OK | |
r-release-macos-arm64 | 0.2 | 18.00 | OK | |||
r-release-macos-x86_64 | 0.2 | 26.00 | OK | |||
r-release-windows-x86_64 | 0.2 | 5.00 | 40.00 | 45.00 | OK | |
r-oldrel-macos-arm64 | 0.2 | 15.00 | OK | |||
r-oldrel-macos-x86_64 | 0.2 | 21.00 | OK | |||
r-oldrel-windows-x86_64 | 0.2 | 6.00 | 39.00 | 45.00 | OK |
Version: 0.2
Check: CRAN incoming feasibility
Result: NOTE
Maintainer: ‘Elodie Persyn <elodie.persyn@univ-nantes.fr>’
No Authors@R field in DESCRIPTION.
Please add one, modifying
Authors@R: person(given = "Elodie",
family = "Persyn",
role = c("aut", "cre"),
email = "elodie.persyn@univ-nantes.fr")
as necessary.
Flavors: r-devel-linux-x86_64-debian-clang, r-devel-linux-x86_64-debian-gcc