Last updated on 2024-06-27 16:49:03 CEST.
Flavor | Version | Tinstall | Tcheck | Ttotal | Status | Flags |
---|---|---|---|---|---|---|
r-devel-linux-x86_64-debian-clang | 0.6.1 | OK | ||||
r-devel-linux-x86_64-debian-gcc | 0.6.1 | 8.30 | 994.15 | 1002.45 | OK | |
r-devel-linux-x86_64-fedora-clang | 0.6.1 | 1670.14 | OK | |||
r-devel-linux-x86_64-fedora-gcc | 0.6.1 | 1139.35 | OK | |||
r-devel-windows-x86_64 | 0.6.1 | 9.00 | 710.00 | 719.00 | OK | |
r-patched-linux-x86_64 | 0.6.1 | 6.49 | 1360.91 | 1367.40 | OK | |
r-release-linux-x86_64 | 0.6.1 | 6.63 | 1354.24 | 1360.87 | OK | |
r-release-macos-arm64 | 0.6.1 | 287.00 | OK | |||
r-release-macos-x86_64 | 0.6.1 | 762.00 | OK | |||
r-release-windows-x86_64 | 0.6.1 | 9.00 | 713.00 | 722.00 | OK | |
r-oldrel-macos-arm64 | 0.6.1 | 289.00 | ERROR | |||
r-oldrel-macos-x86_64 | 0.6.1 | 605.00 | ERROR | |||
r-oldrel-windows-x86_64 | 0.6.1 | 14.00 | 990.00 | 1004.00 | OK |
Version: 0.6.1
Check: running R code from vignettes
Result: ERROR
Errors in running code in vignettes:
when running code in ‘a01_introCreateCohort.Rmd’
...
> cdm <- mockDrugUtilisation(numberIndividual = 200)
> conceptSet_json <- codesFromConceptSet(here::here("inst/Concept"),
+ cdm)
When sourcing ‘a01_introCreateCohort.R’:
Error: Invalid path:
/private/var/folders/k4/0jwzxmln0nb8y6rkzprptb640000gq/T/RtmpKojdAf/fileec2621d80682/vignettes/inst/Concept
Execution halted
Warning: Connection is garbage-collected, use dbDisconnect() to avoid this.
‘a01_introCreateCohort.Rmd’ using ‘UTF-8’... failed
‘a02_scalingOfInstantiateCohorts.Rmd’ using ‘UTF-8’... [0s/0s] OK
‘a03_addIndications-example.Rmd’ using ‘UTF-8’... [15s/17s] OK
‘a04_addDrugInfo.Rmd’ using ‘UTF-8’... [30s/30s] OK
‘a05_treatmentDiscontinuation.Rmd’ using ‘UTF-8’... [0s/0s] OK
‘a06_treatmentSummary.Rmd’ using ‘UTF-8’... [5s/5s] OK
‘a07_characteriseACohort.Rmd’ using ‘UTF-8’... [0s/0s] OK
‘routePatternDose.Rmd’ using ‘UTF-8’... [13s/13s] OK
Flavor: r-oldrel-macos-arm64
Version: 0.6.1
Check: running R code from vignettes
Result: ERROR
Errors in running code in vignettes:
when running code in ‘a01_introCreateCohort.Rmd’
...
> cdm <- mockDrugUtilisation(numberIndividual = 200)
> conceptSet_json <- codesFromConceptSet(here::here("inst/Concept"),
+ cdm)
When sourcing ‘a01_introCreateCohort.R’:
Error: Invalid path:
/private/var/folders/2b/t0kwbtmn3p7brv2mvx39c9cr0000gn/T/RtmpjY63Im/file30881385c8/vignettes/inst/Concept
Execution halted
Warning: Connection is garbage-collected, use dbDisconnect() to avoid this.
‘a01_introCreateCohort.Rmd’ using ‘UTF-8’... failed
‘a02_scalingOfInstantiateCohorts.Rmd’ using ‘UTF-8’... [0s/0s] OK
‘a03_addIndications-example.Rmd’ using ‘UTF-8’... [37s/60s] OK
‘a04_addDrugInfo.Rmd’ using ‘UTF-8’... [89s/119s] OK
‘a05_treatmentDiscontinuation.Rmd’ using ‘UTF-8’... [0s/0s] OK
‘a06_treatmentSummary.Rmd’ using ‘UTF-8’... [12s/11s] OK
‘a07_characteriseACohort.Rmd’ using ‘UTF-8’... [0s/0s] OK
‘routePatternDose.Rmd’ using ‘UTF-8’... [29s/29s] OK
Flavor: r-oldrel-macos-x86_64