Last updated on 2024-07-13 05:49:12 CEST.
Flavor | Version | Tinstall | Tcheck | Ttotal | Status | Flags |
---|---|---|---|---|---|---|
r-devel-linux-x86_64-debian-clang | 0.1.2 | 3.82 | 55.30 | 59.12 | OK | |
r-devel-linux-x86_64-debian-gcc | 0.1.2 | 3.34 | 38.91 | 42.25 | OK | |
r-devel-linux-x86_64-fedora-clang | 0.1.2 | 70.89 | NOTE | |||
r-devel-linux-x86_64-fedora-gcc | 0.1.2 | 65.51 | OK | |||
r-devel-windows-x86_64 | 0.1.2 | 7.00 | 61.00 | 68.00 | NOTE | |
r-patched-linux-x86_64 | 0.1.2 | 4.86 | 52.53 | 57.39 | OK | |
r-release-linux-x86_64 | 0.1.2 | 4.33 | 51.71 | 56.04 | OK | |
r-release-macos-arm64 | 0.1.2 | 35.00 | NOTE | |||
r-release-macos-x86_64 | 0.1.2 | 35.00 | NOTE | |||
r-release-windows-x86_64 | 0.1.2 | 8.00 | 62.00 | 70.00 | NOTE | |
r-oldrel-macos-arm64 | 0.1.2 | 31.00 | NOTE | |||
r-oldrel-macos-x86_64 | 0.1.2 | 64.00 | NOTE | |||
r-oldrel-windows-x86_64 | 0.1.2 | 8.00 | 67.00 | 75.00 | NOTE |
Version: 0.1.2
Check: installed package size
Result: NOTE
installed size is 5.9Mb
sub-directories of 1Mb or more:
extdata 5.7Mb
Flavors: r-devel-linux-x86_64-fedora-clang, r-devel-windows-x86_64, r-release-macos-arm64, r-release-macos-x86_64, r-release-windows-x86_64, r-oldrel-macos-arm64, r-oldrel-macos-x86_64, r-oldrel-windows-x86_64