CRAN Package Check Results for Package EBrank

Last updated on 2025-04-29 13:51:22 CEST.

Flavor Version Tinstall Tcheck Ttotal Status Flags
r-devel-linux-x86_64-debian-clang 1.0.0 2.03 18.78 20.81 OK
r-devel-linux-x86_64-debian-gcc 1.0.0 1.51 15.17 16.68 OK
r-devel-linux-x86_64-fedora-clang 1.0.0 33.65 OK
r-devel-linux-x86_64-fedora-gcc 1.0.0 31.09 OK
r-devel-windows-x86_64 1.0.0 2.00 37.00 39.00 OK
r-patched-linux-x86_64 1.0.0 1.98 18.08 20.06 OK
r-release-linux-x86_64 1.0.0 1.95 17.98 19.93 OK
r-release-macos-arm64 1.0.0 17.00 OK
r-release-macos-x86_64 1.0.0 24.00 OK
r-release-windows-x86_64 1.0.0 4.00 36.00 40.00 OK
r-oldrel-macos-arm64 1.0.0 15.00 NOTE
r-oldrel-macos-x86_64 1.0.0 22.00 NOTE
r-oldrel-windows-x86_64 1.0.0 2.00 36.00 38.00 NOTE

Check Details

Version: 1.0.0
Check: LazyData
Result: NOTE 'LazyData' is specified without a 'data' directory Flavors: r-oldrel-macos-arm64, r-oldrel-macos-x86_64, r-oldrel-windows-x86_64