CRAN Package Check Results for Package ECharts2Shiny

Last updated on 2025-10-23 11:50:12 CEST.

Flavor Version Tinstall Tcheck Ttotal Status Flags
r-devel-linux-x86_64-debian-clang 0.2.13 4.17 39.03 43.20 OK
r-devel-linux-x86_64-debian-gcc 0.2.13 2.65 30.12 32.77 OK
r-devel-linux-x86_64-fedora-clang 0.2.13 63.77 OK
r-devel-linux-x86_64-fedora-gcc 0.2.13 75.18 OK
r-devel-windows-x86_64 0.2.13 6.00 57.00 63.00 OK
r-patched-linux-x86_64 0.2.13 4.08 36.73 40.81 OK
r-release-linux-x86_64 0.2.13 4.07 36.61 40.68 OK
r-release-macos-arm64 0.2.13 2.00 38.00 40.00 OK
r-release-macos-x86_64 0.2.13 4.00 53.00 57.00 OK
r-release-windows-x86_64 0.2.13 6.00 58.00 64.00 OK
r-oldrel-macos-arm64 0.2.13 2.00 29.00 31.00 NOTE
r-oldrel-macos-x86_64 0.2.13 3.00 39.00 42.00 NOTE
r-oldrel-windows-x86_64 0.2.13 7.00 67.00 74.00 NOTE

Check Details

Version: 0.2.13
Check: LazyData
Result: NOTE 'LazyData' is specified without a 'data' directory Flavors: r-oldrel-macos-arm64, r-oldrel-macos-x86_64, r-oldrel-windows-x86_64