Last updated on 2024-06-27 16:49:04 CEST.
Flavor | Version | Tinstall | Tcheck | Ttotal | Status | Flags |
---|---|---|---|---|---|---|
r-devel-linux-x86_64-debian-clang | 0.1.0 | OK | ||||
r-devel-linux-x86_64-debian-gcc | 0.1.0 | 2.50 | 42.90 | 45.40 | OK | |
r-devel-linux-x86_64-fedora-clang | 0.1.0 | 75.05 | OK | |||
r-devel-linux-x86_64-fedora-gcc | 0.1.0 | 83.13 | OK | |||
r-devel-windows-x86_64 | 0.1.0 | 4.00 | 69.00 | 73.00 | OK | |
r-patched-linux-x86_64 | 0.1.0 | 2.70 | 54.86 | 57.56 | OK | |
r-release-linux-x86_64 | 0.1.0 | 3.20 | 55.26 | 58.46 | OK | |
r-release-macos-arm64 | 0.1.0 | 35.00 | OK | |||
r-release-macos-x86_64 | 0.1.0 | 51.00 | OK | |||
r-release-windows-x86_64 | 0.1.0 | 4.00 | 70.00 | 74.00 | OK | |
r-oldrel-macos-arm64 | 0.1.0 | 36.00 | OK | |||
r-oldrel-macos-x86_64 | 0.1.0 | 53.00 | NOTE | |||
r-oldrel-windows-x86_64 | 0.1.0 | 5.00 | 79.00 | 84.00 | OK |
Version: 0.1.0
Check: package dependencies
Result: NOTE
Package suggested but not available for checking: ‘PerformanceAnalytics’
Flavor: r-oldrel-macos-x86_64