CRAN Package Check Results for Package EPT

Last updated on 2025-04-29 13:51:22 CEST.

Flavor Version Tinstall Tcheck Ttotal Status Flags
r-devel-linux-x86_64-debian-clang 0.7.6 3.41 52.63 56.04 NOTE
r-devel-linux-x86_64-debian-gcc 0.7.6 2.38 32.47 34.85 OK
r-devel-linux-x86_64-fedora-clang 0.7.6 85.89 OK
r-devel-linux-x86_64-fedora-gcc 0.7.6 79.90 OK
r-devel-windows-x86_64 0.7.6 5.00 63.00 68.00 OK
r-patched-linux-x86_64 0.7.6 3.97 48.09 52.06 OK
r-release-linux-x86_64 0.7.6 2.90 47.68 50.58 OK
r-release-macos-arm64 0.7.6 24.00 OK
r-release-macos-x86_64 0.7.6 53.00 OK
r-release-windows-x86_64 0.7.6 4.00 62.00 66.00 OK
r-oldrel-macos-arm64 0.7.6 22.00 OK
r-oldrel-macos-x86_64 0.7.6 36.00 OK
r-oldrel-windows-x86_64 0.7.6 4.00 60.00 64.00 OK

Check Details

Version: 0.7.6
Check: examples
Result: NOTE Examples with CPU (user + system) or elapsed time > 5s user system elapsed eptplot 7.731 0.000 11.133 eptdecomp 6.251 0.008 8.768 LOD 4.874 0.020 6.683 SolarRadiation 4.557 0.007 5.837 Flavor: r-devel-linux-x86_64-debian-clang