CRAN Package Check Results for Package ERSA

Last updated on 2025-10-02 04:50:55 CEST.

Flavor Version Tinstall Tcheck Ttotal Status Flags
r-devel-linux-x86_64-debian-clang 0.1.4 8.97 85.33 94.30 NOTE
r-devel-linux-x86_64-debian-gcc 0.1.4 5.72 61.03 66.75 NOTE
r-devel-linux-x86_64-fedora-clang 0.1.4 143.82 OK
r-devel-linux-x86_64-fedora-gcc 0.1.4 150.87 OK
r-devel-windows-x86_64 0.1.4 11.00 88.00 99.00 OK
r-patched-linux-x86_64 0.1.4 7.81 77.91 85.72 OK
r-release-linux-x86_64 0.1.4 7.58 78.34 85.92 OK
r-release-macos-arm64 0.1.4 39.00 OK
r-release-macos-x86_64 0.1.4 71.00 OK
r-release-windows-x86_64 0.1.4 11.00 89.00 100.00 OK
r-oldrel-macos-arm64 0.1.4 44.00 OK
r-oldrel-macos-x86_64 0.1.4 57.00 OK
r-oldrel-windows-x86_64 0.1.4 14.00 112.00 126.00 OK

Check Details

Version: 0.1.4
Check: CRAN incoming feasibility
Result: NOTE Maintainer: ‘Catherine B. Hurley <catherine.hurley@mu.ie>’ No Authors@R field in DESCRIPTION. Please add one, modifying Authors@R: person(given = c("Catherine", "B."), family = "Hurley", role = c("aut", "cre"), email = "catherine.hurley@mu.ie") as necessary. Flavors: r-devel-linux-x86_64-debian-clang, r-devel-linux-x86_64-debian-gcc