CRAN Package Check Results for Package ETC

Last updated on 2025-04-29 13:51:22 CEST.

Flavor Version Tinstall Tcheck Ttotal Status Flags
r-devel-linux-x86_64-debian-clang 1.5 2.56 21.82 24.38 NOTE
r-devel-linux-x86_64-debian-gcc 1.5 1.77 17.25 19.02 NOTE
r-devel-linux-x86_64-fedora-clang 1.5 38.67 NOTE
r-devel-linux-x86_64-fedora-gcc 1.5 36.10 NOTE
r-devel-windows-x86_64 1.5 4.00 42.00 46.00 NOTE
r-patched-linux-x86_64 1.5 2.58 20.87 23.45 NOTE
r-release-linux-x86_64 1.5 2.42 20.80 23.22 NOTE
r-release-macos-arm64 1.5 16.00 NOTE
r-release-macos-x86_64 1.5 26.00 NOTE
r-release-windows-x86_64 1.5 4.00 43.00 47.00 NOTE
r-oldrel-macos-arm64 1.5 16.00 NOTE
r-oldrel-macos-x86_64 1.5 22.00 NOTE
r-oldrel-windows-x86_64 1.5 3.00 45.00 48.00 NOTE

Check Details

Version: 1.5
Check: CRAN incoming feasibility
Result: NOTE Maintainer: ‘Mario Hasler <hasler@email.uni-kiel.de>’ No Authors@R field in DESCRIPTION. Please add one, modifying Authors@R: person(given = "Mario", family = "Hasler", role = c("aut", "cre"), email = "hasler@email.uni-kiel.de") as necessary. Flavors: r-devel-linux-x86_64-debian-clang, r-devel-linux-x86_64-debian-gcc

Version: 1.5
Check: Rd files
Result: NOTE checkRd: (-1) ETC-package.Rd:28-29: Lost braces in \itemize; meant \describe ? checkRd: (-1) ETC-package.Rd:30-31: Lost braces in \itemize; meant \describe ? checkRd: (-1) ETC-package.Rd:32: Lost braces in \itemize; meant \describe ? Flavors: r-devel-linux-x86_64-debian-clang, r-devel-linux-x86_64-debian-gcc, r-devel-linux-x86_64-fedora-clang, r-devel-linux-x86_64-fedora-gcc, r-devel-windows-x86_64, r-patched-linux-x86_64, r-release-linux-x86_64, r-release-macos-arm64, r-release-macos-x86_64, r-release-windows-x86_64, r-oldrel-macos-arm64, r-oldrel-macos-x86_64, r-oldrel-windows-x86_64