Last updated on 2025-11-16 12:49:28 CET.
| Flavor | Version | Tinstall | Tcheck | Ttotal | Status | Flags |
|---|---|---|---|---|---|---|
| r-devel-linux-x86_64-debian-clang | 1.5.2 | 13.94 | 88.73 | 102.67 | NOTE | |
| r-devel-linux-x86_64-debian-gcc | 1.5.2 | 9.92 | 62.81 | 72.73 | NOTE | |
| r-devel-linux-x86_64-fedora-clang | 1.5.2 | 69.00 | 108.44 | 177.44 | OK | |
| r-devel-linux-x86_64-fedora-gcc | 1.5.2 | 60.00 | 107.87 | 167.87 | OK | |
| r-devel-windows-x86_64 | 1.5.2 | 16.00 | 104.00 | 120.00 | NOTE | |
| r-patched-linux-x86_64 | 1.5.2 | 12.59 | 85.59 | 98.18 | OK | |
| r-release-linux-x86_64 | 1.5.2 | 13.80 | 84.21 | 98.01 | OK | |
| r-release-macos-arm64 | 1.5.2 | 8.00 | 43.00 | 51.00 | OK | |
| r-release-macos-x86_64 | 1.5.2 | 22.00 | 90.00 | 112.00 | OK | |
| r-release-windows-x86_64 | 1.5.2 | 16.00 | 89.00 | 105.00 | OK | |
| r-oldrel-macos-arm64 | 1.5.2 | 6.00 | 40.00 | 46.00 | OK | |
| r-oldrel-macos-x86_64 | 1.5.2 | 10.00 | 76.00 | 86.00 | OK | |
| r-oldrel-windows-x86_64 | 1.5.2 | 22.00 | 114.00 | 136.00 | OK |
Version: 1.5.2
Check: CRAN incoming feasibility
Result: NOTE
Maintainer: ‘Nicolas Dumoulin <nicolas.dumoulin@inrae.fr>’
No Authors@R field in DESCRIPTION.
Please add one, modifying
Authors@R: c(person(given = "Franck",
family = "Jabot",
role = "aut"),
person(given = "Thierry",
family = "Faure",
role = "aut"),
person(given = "Nicolas",
family = "Dumoulin",
role = c("aut", "cre"),
email = "nicolas.dumoulin@inrae.fr"),
person(given = "Carlo",
family = "Albert.",
role = "aut"))
as necessary.
Flavors: r-devel-linux-x86_64-debian-clang, r-devel-linux-x86_64-debian-gcc
Version: 1.5.2
Check: Rd files
Result: NOTE
checkRd: (-1) EasyABC-package.Rd:13-20: Only 2 columns allowed in this table (row 1 has 1)
Flavors: r-devel-linux-x86_64-debian-clang, r-devel-windows-x86_64