Last updated on 2025-11-16 00:48:30 CET.
| Flavor | Version | Tinstall | Tcheck | Ttotal | Status | Flags |
|---|---|---|---|---|---|---|
| r-devel-linux-x86_64-debian-clang | 0.3-2 | 9.19 | 78.25 | 87.44 | NOTE | |
| r-devel-linux-x86_64-debian-gcc | 0.3-2 | 6.29 | 58.37 | 64.66 | NOTE | |
| r-devel-linux-x86_64-fedora-clang | 0.3-2 | 32.00 | 109.61 | 141.61 | OK | |
| r-devel-linux-x86_64-fedora-gcc | 0.3-2 | 23.00 | 105.44 | 128.44 | OK | |
| r-devel-windows-x86_64 | 0.3-2 | 12.00 | 92.00 | 104.00 | OK | |
| r-patched-linux-x86_64 | 0.3-2 | 10.00 | 75.25 | 85.25 | NOTE | |
| r-release-linux-x86_64 | 0.3-2 | 8.25 | 75.68 | 83.93 | NOTE | |
| r-release-macos-arm64 | 0.3-2 | 5.00 | 37.00 | 42.00 | OK | |
| r-release-macos-x86_64 | 0.3-2 | 9.00 | 66.00 | 75.00 | OK | |
| r-release-windows-x86_64 | 0.3-2 | 10.00 | 94.00 | 104.00 | OK | |
| r-oldrel-macos-arm64 | 0.3-2 | 5.00 | 33.00 | 38.00 | OK | |
| r-oldrel-macos-x86_64 | 0.3-2 | 8.00 | 51.00 | 59.00 | OK | |
| r-oldrel-windows-x86_64 | 0.3-2 | 1.00 | 9.00 | 10.00 | ERROR |
Version: 0.3-2
Check: for unstated dependencies in ‘demo’
Result: NOTE
'library' or 'require' call not declared from: ‘lavaan’
Flavors: r-devel-linux-x86_64-debian-clang, r-devel-linux-x86_64-debian-gcc, r-patched-linux-x86_64, r-release-linux-x86_64
Version: 0.3-2
Check: package dependencies
Result: ERROR
Package required but not available: 'OpenMx'
See section 'The DESCRIPTION file' in the 'Writing R Extensions'
manual.
Flavor: r-oldrel-windows-x86_64