Last updated on 2025-10-02 04:50:54 CEST.
Flavor | Version | Tinstall | Tcheck | Ttotal | Status | Flags |
---|---|---|---|---|---|---|
r-devel-linux-x86_64-debian-clang | 0.3-2 | 10.27 | 78.89 | 89.16 | NOTE | |
r-devel-linux-x86_64-debian-gcc | 0.3-2 | 7.42 | 58.95 | 66.37 | NOTE | |
r-devel-linux-x86_64-fedora-clang | 0.3-2 | 131.45 | OK | |||
r-devel-linux-x86_64-fedora-gcc | 0.3-2 | 125.68 | OK | |||
r-devel-windows-x86_64 | 0.3-2 | 12.00 | 94.00 | 106.00 | OK | |
r-patched-linux-x86_64 | 0.3-2 | 9.57 | 74.65 | 84.22 | NOTE | |
r-release-linux-x86_64 | 0.3-2 | 9.46 | 75.48 | 84.94 | NOTE | |
r-release-macos-arm64 | 0.3-2 | 42.00 | OK | |||
r-release-macos-x86_64 | 0.3-2 | 75.00 | OK | |||
r-release-windows-x86_64 | 0.3-2 | 10.00 | 95.00 | 105.00 | OK | |
r-oldrel-macos-arm64 | 0.3-2 | 38.00 | OK | |||
r-oldrel-macos-x86_64 | 0.3-2 | 59.00 | OK | |||
r-oldrel-windows-x86_64 | 0.3-2 | 14.00 | 115.00 | 129.00 | OK |
Version: 0.3-2
Check: for unstated dependencies in ‘demo’
Result: NOTE
'library' or 'require' call not declared from: ‘lavaan’
Flavors: r-devel-linux-x86_64-debian-clang, r-devel-linux-x86_64-debian-gcc, r-patched-linux-x86_64, r-release-linux-x86_64