Last updated on 2025-11-16 18:49:28 CET.
| Flavor | Version | Tinstall | Tcheck | Ttotal | Status | Flags |
|---|---|---|---|---|---|---|
| r-devel-linux-x86_64-debian-clang | 1.0.2 | 3.69 | 41.80 | 45.49 | OK | |
| r-devel-linux-x86_64-debian-gcc | 1.0.2 | 2.47 | 32.98 | 35.45 | OK | |
| r-devel-linux-x86_64-fedora-clang | 1.0.2 | 36.00 | 45.72 | 81.72 | OK | |
| r-devel-linux-x86_64-fedora-gcc | 1.0.2 | 85.62 | OK | |||
| r-devel-windows-x86_64 | 1.0.2 | 6.00 | 58.00 | 64.00 | OK | |
| r-patched-linux-x86_64 | 1.0.2 | 3.44 | 39.85 | 43.29 | OK | |
| r-release-linux-x86_64 | 1.0.2 | 3.71 | 39.80 | 43.51 | OK | |
| r-release-macos-arm64 | 1.0.2 | 2.00 | 32.00 | 34.00 | OK | |
| r-release-macos-x86_64 | 1.0.2 | 3.00 | 59.00 | 62.00 | OK | |
| r-release-windows-x86_64 | 1.0.2 | 6.00 | 59.00 | 65.00 | OK | |
| r-oldrel-macos-arm64 | 1.0.2 | 2.00 | 37.00 | 39.00 | NOTE | |
| r-oldrel-macos-x86_64 | 1.0.2 | 4.00 | 76.00 | 80.00 | NOTE | |
| r-oldrel-windows-x86_64 | 1.0.2 | 7.00 | 74.00 | 81.00 | NOTE |
Version: 1.0.2
Check: package dependencies
Result: NOTE
Package suggested but not available for checking: ‘cmdstanr’
Flavors: r-oldrel-macos-arm64, r-oldrel-macos-x86_64, r-oldrel-windows-x86_64