Last updated on 2025-04-29 13:51:23 CEST.
Flavor | Version | Tinstall | Tcheck | Ttotal | Status | Flags |
---|---|---|---|---|---|---|
r-devel-linux-x86_64-debian-clang | 0.1-4 | 2.99 | 24.64 | 27.63 | NOTE | |
r-devel-linux-x86_64-debian-gcc | 0.1-4 | 2.22 | 19.84 | 22.06 | NOTE | |
r-devel-linux-x86_64-fedora-clang | 0.1-4 | 43.68 | OK | |||
r-devel-linux-x86_64-fedora-gcc | 0.1-4 | 41.24 | OK | |||
r-devel-windows-x86_64 | 0.1-4 | 5.00 | 50.00 | 55.00 | OK | |
r-patched-linux-x86_64 | 0.1-4 | 3.24 | 23.54 | 26.78 | OK | |
r-release-linux-x86_64 | 0.1-4 | 2.98 | 23.36 | 26.34 | OK | |
r-release-macos-arm64 | 0.1-4 | 19.00 | OK | |||
r-release-macos-x86_64 | 0.1-4 | 28.00 | OK | |||
r-release-windows-x86_64 | 0.1-4 | 6.00 | 51.00 | 57.00 | OK | |
r-oldrel-macos-arm64 | 0.1-4 | 16.00 | OK | |||
r-oldrel-macos-x86_64 | 0.1-4 | 25.00 | OK | |||
r-oldrel-windows-x86_64 | 0.1-4 | 5.00 | 50.00 | 55.00 | OK |
Version: 0.1-4
Check: CRAN incoming feasibility
Result: NOTE
Maintainer: ‘Alexander Karlsson <alexander.karlsson@his.se>’
No Authors@R field in DESCRIPTION.
Please add one, modifying
Authors@R: person(given = "Alexander",
family = "Karlsson",
role = c("aut", "cre"),
email = "alexander.karlsson@his.se")
as necessary.
Package CITATION file contains call(s) to old-style personList() or
as.personList(). Please use c() on person objects instead.
Package CITATION file contains call(s) to old-style citEntry(). Please
use bibentry() instead.
Flavors: r-devel-linux-x86_64-debian-clang, r-devel-linux-x86_64-debian-gcc