Last updated on 2025-04-29 13:51:23 CEST.
Flavor | Version | Tinstall | Tcheck | Ttotal | Status | Flags |
---|---|---|---|---|---|---|
r-devel-linux-x86_64-debian-clang | 2.1 | 2.74 | 22.21 | 24.95 | NOTE | |
r-devel-linux-x86_64-debian-gcc | 2.1 | 1.82 | 16.77 | 18.59 | NOTE | |
r-devel-linux-x86_64-fedora-clang | 2.1 | 38.89 | OK | |||
r-devel-linux-x86_64-fedora-gcc | 2.1 | 36.93 | OK | |||
r-devel-windows-x86_64 | 2.1 | 4.00 | 38.00 | 42.00 | OK | |
r-patched-linux-x86_64 | 2.1 | 3.15 | 20.78 | 23.93 | OK | |
r-release-linux-x86_64 | 2.1 | 3.07 | 20.77 | 23.84 | OK | |
r-release-macos-arm64 | 2.1 | 16.00 | OK | |||
r-release-macos-x86_64 | 2.1 | 37.00 | OK | |||
r-release-windows-x86_64 | 2.1 | 4.00 | 38.00 | 42.00 | OK | |
r-oldrel-macos-arm64 | 2.1 | 15.00 | OK | |||
r-oldrel-macos-x86_64 | 2.1 | 31.00 | OK | |||
r-oldrel-windows-x86_64 | 2.1 | 4.00 | 38.00 | 42.00 | OK |
Version: 2.1
Check: CRAN incoming feasibility
Result: NOTE
Maintainer: ‘Guogen Shan <gshan@ufl.edu>’
No Authors@R field in DESCRIPTION.
Please add one, modifying
Authors@R: c(person(given = "Guogen",
family = "Shan",
role = c("aut", "cre"),
email = "gshan@ufl.edu"),
person(given = "Weizhen",
family = "Wang",
role = "aut",
email = "weizhen.wang@wright.edu"))
as necessary.
Flavors: r-devel-linux-x86_64-debian-clang, r-devel-linux-x86_64-debian-gcc