Last updated on 2025-04-29 19:50:31 CEST.
Flavor | Version | Tinstall | Tcheck | Ttotal | Status | Flags |
---|---|---|---|---|---|---|
r-devel-linux-x86_64-debian-clang | 1.0.1 | 2.30 | 33.29 | 35.59 | NOTE | |
r-devel-linux-x86_64-debian-gcc | 1.0.1 | 1.91 | 23.19 | 25.10 | NOTE | |
r-devel-linux-x86_64-fedora-clang | 1.0.1 | 56.77 | OK | |||
r-devel-linux-x86_64-fedora-gcc | 1.0.1 | 55.95 | OK | |||
r-devel-windows-x86_64 | 1.0.1 | 3.00 | 49.00 | 52.00 | OK | |
r-patched-linux-x86_64 | 1.0.1 | 2.67 | 32.23 | 34.90 | OK | |
r-release-linux-x86_64 | 1.0.1 | 2.42 | 32.24 | 34.66 | OK | |
r-release-macos-arm64 | 1.0.1 | 21.00 | OK | |||
r-release-macos-x86_64 | 1.0.1 | 35.00 | OK | |||
r-release-windows-x86_64 | 1.0.1 | 4.00 | 53.00 | 57.00 | OK | |
r-oldrel-macos-arm64 | 1.0.1 | 18.00 | OK | |||
r-oldrel-macos-x86_64 | 1.0.1 | 32.00 | OK | |||
r-oldrel-windows-x86_64 | 1.0.1 | 4.00 | 58.00 | 62.00 | OK |
Version: 1.0.1
Check: CRAN incoming feasibility
Result: NOTE
Maintainer: ‘Marc-Daniel Mildenberger <mildenberger.stat@web.de>’
No Authors@R field in DESCRIPTION.
Please add one, modifying
Authors@R: person(given = "Marc-Daniel",
family = "Mildenberger",
role = c("aut", "cre"),
email = "mildenberger.stat@web.de")
as necessary.
Flavors: r-devel-linux-x86_64-debian-clang, r-devel-linux-x86_64-debian-gcc
Version: 1.0.1
Check: examples
Result: NOTE
Examples with CPU (user + system) or elapsed time > 5s
user system elapsed
exmplot 5.534 0 6.277
Flavor: r-devel-linux-x86_64-debian-clang