Last updated on 2025-04-29 13:51:23 CEST.
Flavor | Version | Tinstall | Tcheck | Ttotal | Status | Flags |
---|---|---|---|---|---|---|
r-devel-linux-x86_64-debian-clang | 1.2.2 | 20.21 | 94.99 | 115.20 | NOTE | |
r-devel-linux-x86_64-debian-gcc | 1.2.2 | 12.36 | 57.27 | 69.63 | NOTE | |
r-devel-linux-x86_64-fedora-clang | 1.2.2 | 183.63 | NOTE | |||
r-devel-linux-x86_64-fedora-gcc | 1.2.2 | 170.93 | NOTE | |||
r-devel-windows-x86_64 | 1.2.2 | 18.00 | 99.00 | 117.00 | NOTE | |
r-patched-linux-x86_64 | 1.2.2 | 18.84 | 88.09 | 106.93 | NOTE | |
r-release-linux-x86_64 | 1.2.2 | 18.20 | 86.56 | 104.76 | NOTE | |
r-release-macos-arm64 | 1.2.2 | 41.00 | NOTE | |||
r-release-macos-x86_64 | 1.2.2 | 113.00 | NOTE | |||
r-release-windows-x86_64 | 1.2.2 | 17.00 | 98.00 | 115.00 | NOTE | |
r-oldrel-macos-arm64 | 1.2.2 | 40.00 | NOTE | |||
r-oldrel-macos-x86_64 | 1.2.2 | 127.00 | NOTE | |||
r-oldrel-windows-x86_64 | 1.2.2 | 18.00 | 95.00 | 113.00 | NOTE |
Version: 1.2.2
Check: CRAN incoming feasibility
Result: NOTE
Maintainer: ‘Eric Batista Ferreira <eric.ferreira@unifal-mg.edu.br>’
No Authors@R field in DESCRIPTION.
Please add one, modifying
Authors@R: c(person(given = c("Eric", "Batista"),
family = "Ferreira",
role = c("aut", "cre"),
email = "eric.ferreira@unifal-mg.edu.br"),
person(given = c("Portya", "Piscitelli"),
family = "Cavalcanti",
role = "aut"),
person(given = c("Denismar", "Alves"),
family = "Nogueira",
role = "aut"))
as necessary.
Flavors: r-devel-linux-x86_64-debian-clang, r-devel-linux-x86_64-debian-gcc
Version: 1.2.2
Check: Rd files
Result: NOTE
checkRd: (-1) ccF.Rd:41: Lost braces
41 | CALI\'{N}SKI, T.; CORSTEN, L. C. A. Clustering
| ^
Flavors: r-devel-linux-x86_64-debian-clang, r-devel-linux-x86_64-debian-gcc, r-devel-linux-x86_64-fedora-clang, r-devel-linux-x86_64-fedora-gcc, r-devel-windows-x86_64, r-patched-linux-x86_64, r-release-linux-x86_64, r-release-macos-arm64, r-release-macos-x86_64, r-release-windows-x86_64, r-oldrel-macos-arm64, r-oldrel-macos-x86_64, r-oldrel-windows-x86_64