CRAN Package Check Results for Package ExtremeBounds

Last updated on 2025-10-23 05:51:53 CEST.

Flavor Version Tinstall Tcheck Ttotal Status Flags
r-devel-linux-x86_64-debian-clang 0.1.7 3.39 38.95 42.34 NOTE
r-devel-linux-x86_64-debian-gcc 0.1.7 2.49 30.95 33.44 NOTE
r-devel-linux-x86_64-fedora-clang 0.1.7 60.74 OK
r-devel-linux-x86_64-fedora-gcc 0.1.7 71.74 OK
r-devel-windows-x86_64 0.1.7 5.00 76.00 81.00 OK
r-patched-linux-x86_64 0.1.7 3.45 37.19 40.64 OK
r-release-linux-x86_64 0.1.7 3.02 37.11 40.13 OK
r-release-macos-arm64 0.1.7 1.00 28.00 29.00 OK
r-release-macos-x86_64 0.1.7 3.00 52.00 55.00 OK
r-release-windows-x86_64 0.1.7 5.00 79.00 84.00 OK
r-oldrel-macos-arm64 0.1.7 2.00 26.00 28.00 OK
r-oldrel-macos-x86_64 0.1.7 2.00 40.00 42.00 OK
r-oldrel-windows-x86_64 0.1.7 3.00 85.00 88.00 OK

Check Details

Version: 0.1.7
Check: CRAN incoming feasibility
Result: NOTE Maintainer: ‘Marek Hlavac <mhlavac@alumni.princeton.edu>’ No Authors@R field in DESCRIPTION. Please add one, modifying Authors@R: person(given = "Marek", family = "Hlavac", role = c("aut", "cre"), email = "mhlavac@alumni.princeton.edu") as necessary. Flavors: r-devel-linux-x86_64-debian-clang, r-devel-linux-x86_64-debian-gcc