Last updated on 2025-10-25 12:49:47 CEST.
| Flavor | Version | Tinstall | Tcheck | Ttotal | Status | Flags |
|---|---|---|---|---|---|---|
| r-devel-linux-x86_64-debian-clang | 0.94 | 2.15 | 22.98 | 25.13 | OK | |
| r-devel-linux-x86_64-debian-gcc | 0.94 | 1.62 | 18.87 | 20.49 | OK | |
| r-devel-linux-x86_64-fedora-clang | 0.94 | 17.00 | 22.01 | 39.01 | OK | |
| r-devel-linux-x86_64-fedora-gcc | 0.94 | 35.69 | OK | |||
| r-devel-windows-x86_64 | 0.94 | 2.00 | 41.00 | 43.00 | OK | |
| r-patched-linux-x86_64 | 0.94 | 2.39 | 21.61 | 24.00 | OK | |
| r-release-linux-x86_64 | 0.94 | 2.03 | 22.00 | 24.03 | OK | |
| r-release-macos-arm64 | 0.94 | 1.00 | 16.00 | 17.00 | OK | |
| r-release-macos-x86_64 | 0.94 | 2.00 | 24.00 | 26.00 | OK | |
| r-release-windows-x86_64 | 0.94 | 3.00 | 44.00 | 47.00 | OK | |
| r-oldrel-macos-arm64 | 0.94 | 1.00 | 14.00 | 15.00 | NOTE | |
| r-oldrel-macos-x86_64 | 0.94 | 2.00 | 20.00 | 22.00 | NOTE | |
| r-oldrel-windows-x86_64 | 0.94 | 5.00 | 49.00 | 54.00 | NOTE |
Version: 0.94
Check: LazyData
Result: NOTE
'LazyData' is specified without a 'data' directory
Flavors: r-oldrel-macos-arm64, r-oldrel-macos-x86_64, r-oldrel-windows-x86_64