CRAN Package Check Results for Package FGRepo

Last updated on 2025-04-29 13:51:23 CEST.

Flavor Version Tinstall Tcheck Ttotal Status Flags
r-devel-linux-x86_64-debian-clang 1.3.2.0 26.95 22.11 49.06 OK
r-devel-linux-x86_64-debian-gcc 1.3.2.0 20.17 18.02 38.19 OK
r-devel-linux-x86_64-fedora-clang 1.3.2.0 72.85 OK
r-devel-linux-x86_64-fedora-gcc 1.3.2.0 72.26 OK
r-devel-windows-x86_64 1.3.2.0 25.00 42.00 67.00 OK
r-patched-linux-x86_64 1.3.2.0 24.42 20.93 45.35 OK
r-release-linux-x86_64 1.3.2.0 25.64 21.41 47.05 OK
r-release-macos-arm64 1.3.2.0 31.00 OK
r-release-macos-x86_64 1.3.2.0 54.00 OK
r-release-windows-x86_64 1.3.2.0 24.00 42.00 66.00 OK
r-oldrel-macos-arm64 1.3.2.0 36.00 NOTE
r-oldrel-macos-x86_64 1.3.2.0 51.00 NOTE
r-oldrel-windows-x86_64 1.3.2.0 27.00 43.00 70.00 OK

Check Details

Version: 1.3.2.0
Check: installed package size
Result: NOTE installed size is 5.9Mb sub-directories of 1Mb or more: data 5.8Mb Flavors: r-oldrel-macos-arm64, r-oldrel-macos-x86_64