CRAN Package Check Results for Package FME

Last updated on 2025-04-30 01:50:20 CEST.

Flavor Version Tinstall Tcheck Ttotal Status Flags
r-devel-linux-x86_64-debian-clang 1.3.6.3 8.13 187.56 195.69 NOTE
r-devel-linux-x86_64-debian-gcc 1.3.6.3 5.28 123.52 128.80 NOTE
r-devel-linux-x86_64-fedora-clang 1.3.6.3 307.69 OK
r-devel-linux-x86_64-fedora-gcc 1.3.6.3 311.76 OK
r-devel-windows-x86_64 1.3.6.3 10.00 289.00 299.00 NOTE
r-patched-linux-x86_64 1.3.6.3 6.84 177.05 183.89 NOTE
r-release-linux-x86_64 1.3.6.3 7.54 175.92 183.46 NOTE
r-release-macos-arm64 1.3.6.3 88.00 OK
r-release-macos-x86_64 1.3.6.3 344.00 OK
r-release-windows-x86_64 1.3.6.3 12.00 279.00 291.00 NOTE
r-oldrel-macos-arm64 1.3.6.3 87.00 OK
r-oldrel-macos-x86_64 1.3.6.3 166.00 OK
r-oldrel-windows-x86_64 1.3.6.3 13.00 308.00 321.00 OK

Check Details

Version: 1.3.6.3
Check: Rd cross-references
Result: NOTE Found the following Rd file(s) with Rd \link{} targets missing package anchors: obsplot.Rd: print.deSolve, ode, deSolve Please provide package anchors for all Rd \link{} targets not in the package itself and the base packages. Flavors: r-devel-linux-x86_64-debian-clang, r-devel-linux-x86_64-debian-gcc, r-devel-windows-x86_64, r-patched-linux-x86_64, r-release-linux-x86_64, r-release-windows-x86_64

Version: 1.3.6.3
Check: examples
Result: NOTE Examples with CPU (user + system) or elapsed time > 5s user system elapsed modMCMC 4.278 0.008 6.761 Flavor: r-devel-linux-x86_64-debian-clang