Last updated on 2025-10-02 16:48:38 CEST.
Flavor | Version | Tinstall | Tcheck | Ttotal | Status | Flags |
---|---|---|---|---|---|---|
r-devel-linux-x86_64-debian-clang | 1.3.6.4 | 7.12 | 196.21 | 203.33 | OK | |
r-devel-linux-x86_64-debian-gcc | 1.3.6.4 | 5.02 | 124.09 | 129.11 | OK | |
r-devel-linux-x86_64-fedora-clang | 1.3.6.4 | 306.97 | OK | |||
r-devel-linux-x86_64-fedora-gcc | 1.3.6.4 | 308.02 | OK | |||
r-devel-windows-x86_64 | 1.3.6.4 | 13.00 | 280.00 | 293.00 | OK | |
r-patched-linux-x86_64 | 1.3.6.4 | 6.96 | 181.53 | 188.49 | OK | |
r-release-linux-x86_64 | 1.3.6.4 | 6.73 | 186.90 | 193.63 | OK | |
r-release-macos-arm64 | 1.3.6.4 | 118.00 | OK | |||
r-release-macos-x86_64 | 1.3.6.4 | 265.00 | OK | |||
r-release-windows-x86_64 | 1.3.6.4 | 12.00 | 71007.00 | 71019.00 | ERROR | |
r-oldrel-macos-arm64 | 1.3.6.4 | 117.00 | OK | |||
r-oldrel-macos-x86_64 | 1.3.6.4 | 241.00 | OK | |||
r-oldrel-windows-x86_64 | 1.3.6.4 | 13.00 | 306.00 | 319.00 | OK |
Version: 1.3.6.4
Check: re-building of vignette outputs
Result: ERROR
Error(s) in re-building vignettes:
--- re-building 'FME.Rnw' using Sweave
Loading required package: deSolve
Loading required package: rootSolve
Loading required package: coda
Warning in par(usr) : argument 1 does not name a graphical parameter
Warning in par(usr) : argument 1 does not name a graphical parameter
Warning in par(usr) : argument 1 does not name a graphical parameter
Warning in par(usr) : argument 1 does not name a graphical parameter
Warning in par(usr) : argument 1 does not name a graphical parameter
Warning in par(usr) : argument 1 does not name a graphical parameter
Warning in par(usr) : argument 1 does not name a graphical parameter
Warning in par(usr) : argument 1 does not name a graphical parameter
Warning in par(usr) : argument 1 does not name a graphical parameter
Warning in par(usr) : argument 1 does not name a graphical parameter
--- finished re-building 'FME.Rnw'
--- re-building 'FMEdyna.Rnw' using Sweave
Loading required package: deSolve
Loading required package: rootSolve
Loading required package: coda
Warning in par(usr) : argument 1 does not name a graphical parameter
Warning in par(usr) : argument 1 does not name a graphical parameter
Warning in par(usr) : argument 1 does not name a graphical parameter
Warning in par(usr) : argument 1 does not name a graphical parameter
Warning in par(usr) : argument 1 does not name a graphical parameter
Warning in par(usr) : argument 1 does not name a graphical parameter
Warning in par(usr) : argument 1 does not name a graphical parameter
Warning in par(usr) : argument 1 does not name a graphical parameter
Warning in par(usr) : argument 1 does not name a graphical parameter
Warning in par(usr) : argument 1 does not name a graphical parameter
--- finished re-building 'FMEdyna.Rnw'
--- re-building 'FMEmcmc.Rnw' using Sweave
Loading required package: deSolve
Loading required package: rootSolve
Loading required package: coda
Warning in par(usr) : argument 1 does not name a graphical parameter
Warning in par(usr) : argument 1 does not name a graphical parameter
Warning in par(usr) : argument 1 does not name a graphical parameter
Warning in par(usr) : argument 1 does not name a graphical parameter
Warning in system(paste(shQuote(texi2dvi), if (quiet) "--quiet" else "", :
running command '"C:\PROGRA~1\MiKTeX\miktex\bin\x64\texify.exe" --quiet --pdf "FMEmcmc.tex" --max-iterations=20' had status 1
Error: processing vignette 'FMEmcmc.Rnw' failed with diagnostics:
Failed to locate 'texi2pdf' output file 'FMEmcmc.pdf' for vignette with name 'FMEmcmc' and engine 'utils::Sweave'. The following files exist in working directory 'D:\RCompile\CRANpkg\local\4.5\FME.Rcheck\vign_test\FME\vignettes': 'FME-HIV.pdf' (320096 bytes), 'FME-collfig.pdf' (4702 bytes), 'FME-costfig.pdf' (4389 bytes), 'FME-crlfig.pdf' (186065 bytes), 'FME-fitfig.pdf' (8507 bytes), 'FME-mcmcfig.pdf' (209908 bytes), 'FME-mcmcfig2.pdf' (475189 bytes), 'FME-odefig.pdf' (9204 bytes), 'FME-sf.pdf' (5744 bytes), 'FME-sfunfig.pdf' (6458 bytes), 'FME-sfunpfig.pdf' (46620 bytes), 'FME-srfig.pdf' (8615 bytes), 'FME.Rnw' (53557 bytes), 'FME.aux' (8616 bytes), 'FME.bbl' (10166 bytes), 'FME.blg' (1114 bytes), 'FME.log' (28469 bytes), 'FME.out' (2302 bytes), 'FME.pdf' (1.8909e+06 bytes), 'FME.tex' (58040 bytes), 'FMEdyna-collfig.pdf' (4538 bytes), 'FMEdyna-crl2fig.pdf' (31312 bytes), 'FMEdyna-crlfig.pdf' (16547 bytes), 'FMEdyna-cumuplot.pdf' (25373 bytes), 'FMEdyna-distfig.pdf' (73887 bytes), 'FMEdyna-fitfig.pdf' (6223 bytes), 'FMEdyna-mcmcfig.pdf' (38506 bytes), 'FMEdyna-mcmcfig2.pdf' (27643 bytes), 'FMEdyna-odefig.pdf' (6086 bytes), 'FMEdyna-pairsfig.pdf' (59941 bytes), 'FMEdyna-resfig.pdf' (4443 bytes), 'FMEdyna-sensfig.pdf' (13388 bytes), 'FMEdyna-sensfig2.pdf' (7351 bytes), 'FMEdyna-sfunfig.pdf' (6674 bytes), 'FMEdyna.Rnw' (27531 bytes), 'FMEdyna.aux' (5932 bytes), 'FMEdyna.bbl' (3748 bytes), 'FMEdyna.blg' (1104 bytes), 'FMEdyna.log' (33296 bytes), 'FMEdyna.out' (2951 bytes), 'FMEdyna.pdf' (789236 bytes), 'FMEdyna.tex' (40784 bytes), 'FMEmcmc-ABMCMC.pdf' (78384 bytes), 'FMEmcmc-ABMCMC2.pdf' (64407 bytes), 'FMEmcmc-ABMCMC3.pdf' (51144 bytes), 'FMEmcmc-Monmcmc.pdf' (35618 bytes), 'FMEmcmc-Monmcmc2.pdf' (28253 bytes), 'FMEmcmc-banana2.pdf' (186536 bytes), 'FMEmcmc-hist.pdf' (7843 bytes), 'FMEmcmc-hist1.pdf' (21661 bytes), 'FMEmcmc-logp.pdf' (41797 bytes), 'FMEmcmc-logp1.pdf' (42794 bytes), 'FMEmcmc-obs.pdf' (7438 bytes), 'FMEmcmc-sr.pdf' (6644 bytes), 'FMEmcmc.Rnw' (25317 bytes), 'FMEmcmc.tex' (33202 bytes), 'FMEother.Rnw' (9798 bytes), 'FMEsteady.Rnw' (12465 bytes), 'Rplots.pdf' (630784 bytes), 'mcmc.Rdata' (89187 bytes), 'vignettes.bib' (12810 bytes)
--- failed re-building 'FMEmcmc.Rnw'
--- re-building 'FMEother.Rnw' using Sweave
Loading required package: deSolve
Loading required package: rootSolve
Loading required package: coda
Warning in par(usr) : argument 1 does not name a graphical parameter
Warning in par(usr) : argument 1 does not name a graphical parameter
Warning in par(usr) : argument 1 does not name a graphical parameter
Warning in par(usr) : argument 1 does not name a graphical parameter
--- finished re-building 'FMEother.Rnw'
--- re-building 'FMEsteady.Rnw' using Sweave
Loading required package: deSolve
Loading required package: rootSolve
Loading required package: coda
Warning in par(usr) : argument 1 does not name a graphical parameter
Warning in par(usr) : argument 1 does not name a graphical parameter
Warning in par(usr) : argument 1 does not name a graphical parameter
Warning in par(usr) : argument 1 does not name a graphical parameter
Warning in par(usr) : argument 1 does not name a graphical parameter
Warning in par(usr) : argument 1 does not name a graphical parameter
Warning in par(usr) : argument 1 does not name a graphical parameter
Warning in par(usr) : argument 1 does not name a graphical parameter
Warning in par(usr) : argument 1 does not name a graphical parameter
Warning in par(usr) : argument 1 does not name a graphical parameter
--- finished re-building 'FMEsteady.Rnw'
SUMMARY: processing the following file failed:
'FMEmcmc.Rnw'
Error: Vignette re-building failed.
Execution halted
Flavor: r-release-windows-x86_64