Last updated on 2024-06-27 10:49:31 CEST.
Flavor | Version | Tinstall | Tcheck | Ttotal | Status | Flags |
---|---|---|---|---|---|---|
r-devel-linux-x86_64-debian-clang | 0.1.0 | OK | ||||
r-devel-linux-x86_64-debian-gcc | 0.1.0 | 26.32 | 244.63 | 270.95 | OK | |
r-devel-linux-x86_64-fedora-clang | 0.1.0 | 455.92 | NOTE | |||
r-devel-linux-x86_64-fedora-gcc | 0.1.0 | 443.41 | NOTE | |||
r-devel-windows-x86_64 | 0.1.0 | 26.00 | 221.00 | 247.00 | OK | |
r-patched-linux-x86_64 | 0.1.0 | 26.03 | 306.27 | 332.30 | OK | |
r-release-linux-x86_64 | 0.1.0 | 20.22 | 308.98 | 329.20 | OK | |
r-release-macos-arm64 | 0.1.0 | 119.00 | OK | |||
r-release-macos-x86_64 | 0.1.0 | 189.00 | OK | |||
r-release-windows-x86_64 | 0.1.0 | 26.00 | 224.00 | 250.00 | OK | |
r-oldrel-macos-arm64 | 0.1.0 | 135.00 | OK | |||
r-oldrel-macos-x86_64 | 0.1.0 | 224.00 | OK | |||
r-oldrel-windows-x86_64 | 0.1.0 | 38.00 | 295.00 | 333.00 | OK |
Version: 0.1.0
Check: dependencies in R code
Result: NOTE
Namespace in Imports field not imported from: ‘MASS’
All declared Imports should be used.
Flavors: r-devel-linux-x86_64-fedora-clang, r-devel-linux-x86_64-fedora-gcc