Last updated on 2025-07-18 07:49:31 CEST.
Flavor | Version | Tinstall | Tcheck | Ttotal | Status | Flags |
---|---|---|---|---|---|---|
r-devel-linux-x86_64-debian-clang | 1.0 | 45.62 | 32.84 | 78.46 | NOTE | |
r-devel-linux-x86_64-debian-gcc | 1.0 | 32.89 | 27.39 | 60.28 | NOTE | |
r-devel-linux-x86_64-fedora-clang | 1.0 | 135.20 | NOTE | |||
r-devel-linux-x86_64-fedora-gcc | 1.0 | 134.37 | NOTE | |||
r-devel-windows-x86_64 | 1.0 | 48.00 | 80.00 | 128.00 | NOTE | |
r-patched-linux-x86_64 | 1.0 | 46.14 | 33.99 | 80.13 | NOTE | |
r-release-linux-x86_64 | 1.0 | 44.01 | 33.72 | 77.73 | NOTE | |
r-release-macos-arm64 | 1.0 | 41.00 | NOTE | |||
r-release-macos-x86_64 | 1.0 | 67.00 | NOTE | |||
r-release-windows-x86_64 | 1.0 | 49.00 | 81.00 | 130.00 | NOTE | |
r-oldrel-macos-arm64 | 1.0 | 38.00 | NOTE | |||
r-oldrel-macos-x86_64 | 1.0 | 57.00 | NOTE | |||
r-oldrel-windows-x86_64 | 1.0 | 58.00 | 97.00 | 155.00 | NOTE |
Version: 1.0
Check: C++ specification
Result: NOTE
Specified C++11: please drop specification unless essential
Flavors: r-devel-linux-x86_64-debian-clang, r-devel-linux-x86_64-debian-gcc, r-devel-linux-x86_64-fedora-clang, r-devel-linux-x86_64-fedora-gcc, r-devel-windows-x86_64, r-patched-linux-x86_64, r-release-linux-x86_64, r-release-macos-arm64, r-release-macos-x86_64, r-release-windows-x86_64, r-oldrel-macos-arm64, r-oldrel-macos-x86_64, r-oldrel-windows-x86_64
Version: 1.0
Check: Rd files
Result: NOTE
checkRd: (-1) maximin.Rd:197: Lost braces
197 | Meinshausen, N and P. B{u}hlmann (2015). Maximin effects in inhomogeneous large-scale data.
| ^
Flavors: r-devel-linux-x86_64-debian-clang, r-devel-linux-x86_64-debian-gcc, r-devel-linux-x86_64-fedora-clang, r-devel-linux-x86_64-fedora-gcc, r-devel-windows-x86_64, r-patched-linux-x86_64, r-release-linux-x86_64, r-release-macos-arm64, r-release-macos-x86_64, r-release-windows-x86_64, r-oldrel-macos-arm64, r-oldrel-macos-x86_64, r-oldrel-windows-x86_64
Version: 1.0
Check: installed package size
Result: NOTE
installed size is 8.7Mb
sub-directories of 1Mb or more:
libs 8.6Mb
Flavors: r-oldrel-macos-arm64, r-oldrel-macos-x86_64