CRAN Package Check Results for Package FUNTA

Last updated on 2025-04-29 13:51:24 CEST.

Flavor Version Tinstall Tcheck Ttotal Status Flags
r-devel-linux-x86_64-debian-clang 0.1.0 1.52 16.93 18.45 NOTE
r-devel-linux-x86_64-debian-gcc 0.1.0 1.41 14.03 15.44 NOTE
r-devel-linux-x86_64-fedora-clang 0.1.0 29.80 OK
r-devel-linux-x86_64-fedora-gcc 0.1.0 28.06 OK
r-devel-windows-x86_64 0.1.0 3.00 34.00 37.00 OK
r-patched-linux-x86_64 0.1.0 1.88 16.39 18.27 OK
r-release-linux-x86_64 0.1.0 1.59 16.33 17.92 OK
r-release-macos-arm64 0.1.0 14.00 OK
r-release-macos-x86_64 0.1.0 22.00 OK
r-release-windows-x86_64 0.1.0 4.00 35.00 39.00 OK
r-oldrel-macos-arm64 0.1.0 13.00 NOTE
r-oldrel-macos-x86_64 0.1.0 21.00 NOTE
r-oldrel-windows-x86_64 0.1.0 3.00 34.00 37.00 NOTE

Check Details

Version: 0.1.0
Check: CRAN incoming feasibility
Result: NOTE Maintainer: ‘Andre Rehage <rehage@statistik.tu-dortmund.de>’ No Authors@R field in DESCRIPTION. Please add one, modifying Authors@R: person(given = "Andre", family = "Rehage", role = c("aut", "cre"), email = "rehage@statistik.tu-dortmund.de") as necessary. Found the following \keyword or \concept entries which likely give several index terms: File ‘FUNTA-package.Rd’: \keyword{ package classif robust} Flavors: r-devel-linux-x86_64-debian-clang, r-devel-linux-x86_64-debian-gcc

Version: 0.1.0
Check: LazyData
Result: NOTE 'LazyData' is specified without a 'data' directory Flavors: r-oldrel-macos-arm64, r-oldrel-macos-x86_64, r-oldrel-windows-x86_64