CRAN Package Check Results for Package FactoClass

Last updated on 2025-11-16 00:48:31 CET.

Flavor Version Tinstall Tcheck Ttotal Status Flags
r-devel-linux-x86_64-debian-clang 1.2.9 10.07 75.79 85.86 NOTE
r-devel-linux-x86_64-debian-gcc 1.2.9 7.04 56.50 63.54 NOTE
r-devel-linux-x86_64-fedora-clang 1.2.9 23.00 111.86 134.86 OK
r-devel-linux-x86_64-fedora-gcc 1.2.9 22.00 105.23 127.23 OK
r-devel-windows-x86_64 1.2.9 18.00 91.00 109.00 OK
r-patched-linux-x86_64 1.2.9 10.23 70.22 80.45 OK
r-release-linux-x86_64 1.2.9 8.06 71.13 79.19 OK
r-release-macos-arm64 1.2.9 5.00 29.00 34.00 OK
r-release-macos-x86_64 1.2.9 11.00 53.00 64.00 OK
r-release-windows-x86_64 1.2.9 16.00 89.00 105.00 OK
r-oldrel-macos-arm64 1.2.9 5.00 29.00 34.00 OK
r-oldrel-macos-x86_64 1.2.9 8.00 43.00 51.00 OK
r-oldrel-windows-x86_64 1.2.9 20.00 113.00 133.00 OK

Check Details

Version: 1.2.9
Check: CRAN incoming feasibility
Result: NOTE Maintainer: ‘Campo Elias Pardo <cepardot@unal.edu.co>’ No Authors@R field in DESCRIPTION. Please add one, modifying Authors@R: c(person(given = c("Campo", "Elias"), family = "Pardo", role = c("aut", "cre"), email = "cepardot@unal.edu.co"), person(given = c("Pedro", "Cesar", "del"), family = "Campo", role = "aut", email = "pcdelcampon@unal.edu.co"), person(given = c("Camilo", "Jose"), family = "Torres", role = "aut", email = "cjtorresj@unal.edu.co"), person(given = c("with", "the", "contributions", "from.", "Ivan"), family = "Diaz", role = "aut", email = "ildiazm@unal.edu.co"), person(given = "Mauricio", family = "Sadinle", role = "aut", email = "msadinleg@unal.edu.co"), person(given = "Jhonathan", family = "Medina.", role = "aut", email = "jmedinau@unal.edu.co")) as necessary. Flavors: r-devel-linux-x86_64-debian-clang, r-devel-linux-x86_64-debian-gcc