Last updated on 2025-05-18 01:50:27 CEST.
Flavor | Version | Tinstall | Tcheck | Ttotal | Status | Flags |
---|---|---|---|---|---|---|
r-devel-linux-x86_64-debian-clang | 1.0 | 20.55 | 26.72 | 47.27 | NOTE | |
r-devel-linux-x86_64-debian-gcc | 1.0 | 12.77 | 21.00 | 33.77 | NOTE | |
r-devel-linux-x86_64-fedora-clang | 1.0 | 81.91 | NOTE | |||
r-devel-linux-x86_64-fedora-gcc | 1.0 | 78.71 | NOTE | |||
r-devel-windows-x86_64 | 1.0 | 24.00 | 66.00 | 90.00 | NOTE | |
r-patched-linux-x86_64 | 1.0 | 18.13 | 25.75 | 43.88 | NOTE | |
r-release-linux-x86_64 | 1.0 | 16.25 | 25.57 | 41.82 | NOTE | |
r-release-macos-arm64 | 1.0 | 29.00 | NOTE | |||
r-release-macos-x86_64 | 1.0 | 39.00 | NOTE | |||
r-release-windows-x86_64 | 1.0 | 25.00 | 73.00 | 98.00 | NOTE | |
r-oldrel-macos-arm64 | 1.0 | 24.00 | NOTE | |||
r-oldrel-macos-x86_64 | 1.0 | 34.00 | NOTE | |||
r-oldrel-windows-x86_64 | 1.0 | 28.00 | 79.00 | 107.00 | NOTE |
Version: 1.0
Check: CRAN incoming feasibility
Result: NOTE
Maintainer: ‘Michelle Saul <msaul@carisls.com>’
No Authors@R field in DESCRIPTION.
Please add one, modifying
Authors@R: person(given = "Michelle",
family = "Saul",
role = c("aut", "cre"),
email = "msaul@carisls.com")
as necessary.
Flavors: r-devel-linux-x86_64-debian-clang, r-devel-linux-x86_64-debian-gcc
Version: 1.0
Check: C++ specification
Result: NOTE
Specified C++11: please drop specification unless essential
Flavors: r-devel-linux-x86_64-debian-clang, r-devel-linux-x86_64-debian-gcc, r-devel-linux-x86_64-fedora-clang, r-devel-linux-x86_64-fedora-gcc, r-devel-windows-x86_64, r-patched-linux-x86_64, r-release-linux-x86_64, r-release-macos-arm64, r-release-macos-x86_64, r-release-windows-x86_64, r-oldrel-macos-arm64, r-oldrel-macos-x86_64, r-oldrel-windows-x86_64
Version: 1.0
Check: LazyData
Result: NOTE
'LazyData' is specified without a 'data' directory
Flavors: r-oldrel-macos-arm64, r-oldrel-macos-x86_64, r-oldrel-windows-x86_64