CRAN Package Check Results for Package FertBoot

Last updated on 2025-11-16 06:49:36 CET.

Flavor Version Tinstall Tcheck Ttotal Status Flags
r-devel-linux-x86_64-debian-clang 0.5.0 2.20 23.12 25.32 OK
r-devel-linux-x86_64-debian-gcc 0.5.0 1.73 18.62 20.35 OK
r-devel-linux-x86_64-fedora-clang 0.5.0 37.21 OK
r-devel-linux-x86_64-fedora-gcc 0.5.0 36.14 OK
r-devel-windows-x86_64 0.5.0 7.00 43.00 50.00 OK
r-patched-linux-x86_64 0.5.0 2.30 21.79 24.09 OK
r-release-linux-x86_64 0.5.0 2.04 21.86 23.90 OK
r-release-macos-arm64 0.5.0 1.00 16.00 17.00 OK
r-release-macos-x86_64 0.5.0 2.00 25.00 27.00 OK
r-release-windows-x86_64 0.5.0 5.00 41.00 46.00 OK
r-oldrel-macos-arm64 0.5.0 1.00 15.00 16.00 NOTE
r-oldrel-macos-x86_64 0.5.0 2.00 22.00 24.00 NOTE
r-oldrel-windows-x86_64 0.5.0 5.00 48.00 53.00 NOTE

Check Details

Version: 0.5.0
Check: LazyData
Result: NOTE 'LazyData' is specified without a 'data' directory Flavors: r-oldrel-macos-arm64, r-oldrel-macos-x86_64, r-oldrel-windows-x86_64