Last updated on 2025-04-29 13:51:23 CEST.
Flavor | Version | Tinstall | Tcheck | Ttotal | Status | Flags |
---|---|---|---|---|---|---|
r-devel-linux-x86_64-debian-clang | 0.4 | 2.33 | 27.70 | 30.03 | NOTE | |
r-devel-linux-x86_64-debian-gcc | 0.4 | 1.79 | 21.58 | 23.37 | NOTE | |
r-devel-linux-x86_64-fedora-clang | 0.4 | 46.82 | OK | |||
r-devel-linux-x86_64-fedora-gcc | 0.4 | 43.40 | OK | |||
r-devel-windows-x86_64 | 0.4 | 4.00 | 44.00 | 48.00 | OK | |
r-patched-linux-x86_64 | 0.4 | 2.85 | 26.39 | 29.24 | OK | |
r-release-linux-x86_64 | 0.4 | 2.37 | 26.06 | 28.43 | OK | |
r-release-macos-arm64 | 0.4 | 18.00 | OK | |||
r-release-macos-x86_64 | 0.4 | 27.00 | OK | |||
r-release-windows-x86_64 | 0.4 | 4.00 | 46.00 | 50.00 | OK | |
r-oldrel-macos-arm64 | 0.4 | 18.00 | OK | |||
r-oldrel-macos-x86_64 | 0.4 | 25.00 | OK | |||
r-oldrel-windows-x86_64 | 0.4 | 4.00 | 45.00 | 49.00 | OK |
Version: 0.4
Check: CRAN incoming feasibility
Result: NOTE
Maintainer: ‘Reiichiro Nakamichi <nakamichi@affrc.go.jp>’
No Authors@R field in DESCRIPTION.
Please add one, modifying
Authors@R: c(person(given = "Reiichiro",
family = "Nakamichi",
role = c("aut", "cre"),
email = "nakamichi@affrc.go.jp"),
person(given = "Shuichi",
family = "Kitada",
role = "aut"),
person(given = "Hirohisa",
family = "Kishino",
role = "aut"))
as necessary.
Flavors: r-devel-linux-x86_64-debian-clang, r-devel-linux-x86_64-debian-gcc
Version: 0.4
Check: examples
Result: NOTE
Examples with CPU (user + system) or elapsed time > 5s
user system elapsed
GLS 3.57 0.044 5.249
Flavor: r-devel-linux-x86_64-debian-clang